Last updated on 2023-12-01 16:51:39 CET.
Flavor | Version | Tinstall | Tcheck | Ttotal | Status | Flags |
---|---|---|---|---|---|---|
r-devel-linux-x86_64-debian-clang | 4.10.3 | 17.97 | 257.71 | 275.68 | OK | |
r-devel-linux-x86_64-debian-gcc | 4.10.3 | 15.02 | 189.12 | 204.14 | OK | |
r-devel-linux-x86_64-fedora-clang | 4.10.3 | 347.18 | NOTE | |||
r-devel-linux-x86_64-fedora-gcc | 4.10.3 | 340.92 | OK | |||
r-devel-windows-x86_64 | 4.10.3 | 21.00 | 184.00 | 205.00 | NOTE | |
r-patched-linux-x86_64 | 4.10.3 | 18.90 | 240.20 | 259.10 | OK | |
r-release-linux-x86_64 | 4.10.3 | 19.37 | 240.25 | 259.62 | OK | |
r-release-macos-arm64 | 4.10.3 | 105.00 | NOTE | |||
r-release-macos-x86_64 | 4.10.3 | 235.00 | NOTE | |||
r-release-windows-x86_64 | 4.10.3 | 25.00 | 240.00 | 265.00 | NOTE | |
r-oldrel-macos-arm64 | 4.10.3 | 99.00 | NOTE | |||
r-oldrel-macos-x86_64 | 4.10.3 | 144.00 | NOTE | |||
r-oldrel-windows-x86_64 | 4.10.3 | 24.00 | 227.00 | 251.00 | NOTE |
Version: 4.10.3
Check: installed package size
Result: NOTE
installed size is 7.2Mb
sub-directories of 1Mb or more:
R 1.0Mb
htmlwidgets 4.0Mb
Flavors: r-devel-linux-x86_64-fedora-clang, r-devel-windows-x86_64, r-release-macos-arm64, r-release-macos-x86_64, r-release-windows-x86_64, r-oldrel-macos-arm64, r-oldrel-macos-x86_64, r-oldrel-windows-x86_64