CRAN Package Check Results for Package plot3Drgl

Last updated on 2024-07-19 17:54:36 CEST.

Flavor Version Tinstall Tcheck Ttotal Status Flags
r-devel-linux-x86_64-debian-clang 1.0.4 7.04 57.32 64.36 OK
r-devel-linux-x86_64-debian-gcc 1.0.4 4.62 42.76 47.38 OK
r-devel-linux-x86_64-fedora-clang 1.0.4 80.76 OK
r-devel-linux-x86_64-fedora-gcc 1.0.4 77.79 OK
r-devel-windows-x86_64 1.0.4 8.00 58.00 66.00 NOTE
r-patched-linux-x86_64 1.0.4 10.97 55.46 66.43 OK
r-release-linux-x86_64 1.0.4 5.93 55.30 61.23 OK
r-release-macos-arm64 1.0.4 31.00 OK
r-release-macos-x86_64 1.0.4 39.00 OK
r-release-windows-x86_64 1.0.4 6.00 56.00 62.00 OK
r-oldrel-macos-arm64 1.0.4 27.00 OK
r-oldrel-macos-x86_64 1.0.4 48.00 OK
r-oldrel-windows-x86_64 1.0.4 8.00 67.00 75.00 OK

Check Details

Version: 1.0.4
Check: Rd cross-references
Result: NOTE Found the following Rd file(s) with Rd \link{} targets missing package anchors: cutrgl.Rd: par3d, open3d, material3d, plotdev imagergl.Rd: contour2D, colkey, persp3D, perspbox, image3D, contour3D, scatter3D, arrows3D, segments3D, text3D, image2D, scatter2D, segments2D, text2D, arrows2D persp3Drgl.Rd: persp3D, ribbon3D, hist3D, scatter3D, points3D, lines3D, segments3D, slice3D, slicecont3D, isosurf3D, voxel3D, surf3D, spheresurf3D, box3D, border3D, rect3D, perspbox, plotdev plotrgl.Rd: material3d, par3d, open3d, arrows3D, scatter3D, plotdev, persp3D, slice3D, surf3D Please provide package anchors for all Rd \link{} targets not in the package itself and the base packages. Flavor: r-devel-windows-x86_64