Last updated on 2023-12-03 04:56:16 CET.
Flavor | Version | Tinstall | Tcheck | Ttotal | Status | Flags |
---|---|---|---|---|---|---|
r-devel-linux-x86_64-debian-clang | 1.4 | 17.54 | 144.70 | 162.24 | NOTE | |
r-devel-linux-x86_64-debian-gcc | 1.4 | 12.42 | 109.52 | 121.94 | NOTE | |
r-devel-linux-x86_64-fedora-clang | 1.4 | 201.80 | OK | |||
r-devel-linux-x86_64-fedora-gcc | 1.4 | 207.63 | OK | |||
r-devel-windows-x86_64 | 1.4 | 15.00 | 170.00 | 185.00 | OK | |
r-patched-linux-x86_64 | 1.4 | 21.54 | 141.09 | 162.63 | OK | |
r-release-linux-x86_64 | 1.4 | 15.58 | 139.23 | 154.81 | OK | |
r-release-macos-arm64 | 1.4 | 81.00 | OK | |||
r-release-macos-x86_64 | 1.4 | 139.00 | OK | |||
r-release-windows-x86_64 | 1.4 | 18.00 | 184.00 | 202.00 | OK | |
r-oldrel-macos-arm64 | 1.4 | 126.00 | OK | |||
r-oldrel-macos-x86_64 | 1.4 | 141.00 | OK | |||
r-oldrel-windows-x86_64 | 1.4 | 17.00 | 175.00 | 192.00 | OK |
Version: 1.4
Check: Rd files
Result: NOTE
checkRd: (-1) colors.Rd:43: Lost braces; missing escapes or markup?
43 | To combine transparency with lighting or shading, pass argument {alpha}
| ^
checkRd: (-1) trans3D.Rd:28: Lost braces in \itemize; \value handles \item{}{} directly
Flavors: r-devel-linux-x86_64-debian-clang, r-devel-linux-x86_64-debian-gcc