CRAN Package Check Results for Package plogr

Last updated on 2023-12-10 16:51:22 CET.

Flavor Version Tinstall Tcheck Ttotal Status Flags
r-devel-linux-x86_64-debian-clang 0.2.0 1.69 31.61 33.30 NOTE
r-devel-linux-x86_64-debian-gcc 0.2.0 1.31 22.10 23.41 NOTE
r-devel-linux-x86_64-fedora-clang 0.2.0 43.40 NOTE
r-devel-linux-x86_64-fedora-gcc 0.2.0 39.85 NOTE
r-devel-windows-x86_64 0.2.0 3.00 51.00 54.00 NOTE
r-patched-linux-x86_64 0.2.0 1.75 28.94 30.69 NOTE
r-release-linux-x86_64 0.2.0 1.47 28.40 29.87 NOTE
r-release-macos-arm64 0.2.0 21.00 NOTE
r-release-macos-x86_64 0.2.0 25.00 NOTE
r-release-windows-x86_64 0.2.0 2.00 50.00 52.00 NOTE
r-oldrel-macos-arm64 0.2.0 19.00 NOTE
r-oldrel-macos-x86_64 0.2.0 24.00 NOTE
r-oldrel-windows-x86_64 0.2.0 3.00 55.00 58.00 NOTE

Check Details

Version: 0.2.0
Check: LazyData
Result: NOTE 'LazyData' is specified without a 'data' directory Flavors: r-devel-linux-x86_64-debian-clang, r-devel-linux-x86_64-debian-gcc, r-devel-linux-x86_64-fedora-clang, r-devel-linux-x86_64-fedora-gcc, r-devel-windows-x86_64, r-patched-linux-x86_64, r-release-linux-x86_64, r-release-macos-arm64, r-release-macos-x86_64, r-release-windows-x86_64, r-oldrel-macos-arm64, r-oldrel-macos-x86_64, r-oldrel-windows-x86_64