Last updated on 2023-12-02 16:49:23 CET.
Flavor | Version | Tinstall | Tcheck | Ttotal | Status | Flags |
---|---|---|---|---|---|---|
r-devel-linux-x86_64-debian-clang | 1.0.0 | 31.08 | 324.22 | 355.30 | NOTE | |
r-devel-linux-x86_64-debian-gcc | 1.0.0 | 25.85 | 239.83 | 265.68 | NOTE | |
r-devel-linux-x86_64-fedora-clang | 1.0.0 | 435.43 | OK | |||
r-devel-linux-x86_64-fedora-gcc | 1.0.0 | 436.85 | OK | |||
r-devel-windows-x86_64 | 1.0.0 | 28.00 | 251.00 | 279.00 | OK | |
r-patched-linux-x86_64 | 1.0.0 | 22.41 | 305.25 | 327.66 | OK | |
r-release-linux-x86_64 | 1.0.0 | 26.04 | 304.56 | 330.60 | OK | |
r-release-macos-arm64 | 1.0.0 | 159.00 | OK | |||
r-release-macos-x86_64 | 1.0.0 | 254.00 | OK | |||
r-release-windows-x86_64 | 1.0.0 | 38.00 | 322.00 | 360.00 | OK | |
r-oldrel-macos-arm64 | 1.0.0 | 107.00 | OK | |||
r-oldrel-macos-x86_64 | 1.0.0 | 194.00 | OK | |||
r-oldrel-windows-x86_64 | 1.0.0 | 39.00 | 314.00 | 353.00 | OK |
Version: 1.0.0
Check: Rd files
Result: NOTE
checkRd: (-1) 01-TCGA-ESCA-data.Rd:47: Lost braces in \enumerate; meant \describe ?
checkRd: (-1) 01-TCGA-ESCA-data.Rd:48: Lost braces in \enumerate; meant \describe ?
checkRd: (-1) 01-TCGA-ESCA-data.Rd:49-51: Lost braces in \enumerate; meant \describe ?
checkRd: (-1) 01-TCGA-ESCA-data.Rd:52-55: Lost braces in \enumerate; meant \describe ?
checkRd: (-1) 01-TCGA-ESCA-data.Rd:56-58: Lost braces in \enumerate; meant \describe ?
checkRd: (-1) 01-TCGA-ESCA-data.Rd:59-62: Lost braces in \enumerate; meant \describe ?
checkRd: (-1) 01-TCGA-ESCA-data.Rd:63-64: Lost braces in \enumerate; meant \describe ?
checkRd: (-1) 02-fitCoxModel.Rd:87: Lost braces; missing escapes or markup?
87 | returns the value on which it was invoked. The {summary} method
| ^
Flavors: r-devel-linux-x86_64-debian-clang, r-devel-linux-x86_64-debian-gcc