CRAN Package Check Results for Package pksensi

Last updated on 2024-02-29 04:54:23 CET.

Flavor Version Tinstall Tcheck Ttotal Status Flags
r-devel-linux-x86_64-debian-clang 1.2.3 8.01 75.29 83.30 OK
r-devel-linux-x86_64-debian-gcc 1.2.3 6.00 56.91 62.91 OK
r-devel-linux-x86_64-fedora-clang 1.2.3 106.26 OK
r-devel-linux-x86_64-fedora-gcc 1.2.3 107.73 OK
r-devel-windows-x86_64 1.2.3 8.00 76.00 84.00 OK
r-patched-linux-x86_64 1.2.3 7.43 72.17 79.60 OK
r-release-linux-x86_64 1.2.3 6.54 73.11 79.65 OK
r-release-macos-arm64 1.2.3 40.00 OK
r-release-macos-x86_64 1.2.3 59.00 NOTE
r-release-windows-x86_64 1.2.3 10.00 89.00 99.00 OK
r-oldrel-macos-arm64 1.2.3 34.00 OK
r-oldrel-windows-x86_64 1.2.3 10.00 92.00 102.00 OK

Check Details

Version: 1.2.3
Check: package dependencies
Result: NOTE Package suggested but not available for checking: ‘httk’ Flavor: r-release-macos-x86_64