CRAN Package Check Results for Package pkgdepR

Last updated on 2024-02-29 04:54:23 CET.

Flavor Version Tinstall Tcheck Ttotal Status Flags
r-devel-linux-x86_64-debian-clang 1.0.0 3.06 27.05 30.11 NOTE
r-devel-linux-x86_64-debian-gcc 1.0.0 2.36 21.04 23.40 NOTE
r-devel-linux-x86_64-fedora-clang 1.0.0 39.28 NOTE
r-devel-linux-x86_64-fedora-gcc 1.0.0 35.12 NOTE
r-devel-windows-x86_64 1.0.0 3.00 43.00 46.00 OK
r-patched-linux-x86_64 1.0.0 1.95 27.01 28.96 OK
r-release-linux-x86_64 1.0.0 1.81 26.37 28.18 OK
r-release-macos-arm64 1.0.0 18.00 OK
r-release-macos-x86_64 1.0.0 24.00 OK
r-release-windows-x86_64 1.0.0 5.00 46.00 51.00 OK
r-oldrel-macos-arm64 1.0.0 16.00 OK
r-oldrel-windows-x86_64 1.0.0 5.00 51.00 56.00 OK

Check Details

Version: 1.0.0
Check: Rd files
Result: NOTE checkRd: (-1) deps.Rd:23: Lost braces in \itemize; meant \describe ? checkRd: (-1) deps.Rd:24: Lost braces in \itemize; meant \describe ? checkRd: (-1) deps.Rd:25: Lost braces in \itemize; meant \describe ? checkRd: (-1) pkgdepR-package.Rd:16: Lost braces in \itemize; meant \describe ? checkRd: (-1) pkgdepR-package.Rd:17: Lost braces in \itemize; meant \describe ? checkRd: (-1) pkgdepR-package.Rd:18: Lost braces in \itemize; meant \describe ? Flavors: r-devel-linux-x86_64-debian-clang, r-devel-linux-x86_64-debian-gcc, r-devel-linux-x86_64-fedora-clang, r-devel-linux-x86_64-fedora-gcc