CRAN Package Check Results for Package pixels

Last updated on 2024-02-27 16:49:24 CET.

Flavor Version Tinstall Tcheck Ttotal Status Flags
r-devel-linux-x86_64-debian-clang 0.1.1 4.05 38.55 42.60 NOTE
r-devel-linux-x86_64-debian-gcc 0.1.1 2.75 29.54 32.29 NOTE
r-devel-linux-x86_64-fedora-clang 0.1.1 57.08 NOTE
r-devel-linux-x86_64-fedora-gcc 0.1.1 49.68 NOTE
r-devel-windows-x86_64 0.1.1 5.00 51.00 56.00 NOTE
r-patched-linux-x86_64 0.1.1 2.88 37.85 40.73 NOTE
r-release-linux-x86_64 0.1.1 2.67 37.33 40.00 NOTE
r-release-macos-arm64 0.1.1 22.00 NOTE
r-release-macos-x86_64 0.1.1 29.00 NOTE
r-release-windows-x86_64 0.1.1 6.00 53.00 59.00 NOTE
r-oldrel-macos-arm64 0.1.1 19.00 NOTE
r-oldrel-windows-x86_64 0.1.1 6.00 61.00 67.00 NOTE

Check Details

Version: 0.1.1
Check: Rd files
Result: NOTE checkRd: (-1) get_pixels.Rd:27-29: Lost braces 27 | if (interactive()) { | ^ Flavors: r-devel-linux-x86_64-debian-clang, r-devel-linux-x86_64-debian-gcc, r-devel-linux-x86_64-fedora-clang, r-devel-linux-x86_64-fedora-gcc

Version: 0.1.1
Check: LazyData
Result: NOTE 'LazyData' is specified without a 'data' directory Flavors: r-devel-linux-x86_64-debian-clang, r-devel-linux-x86_64-debian-gcc, r-devel-linux-x86_64-fedora-clang, r-devel-linux-x86_64-fedora-gcc, r-devel-windows-x86_64, r-patched-linux-x86_64, r-release-linux-x86_64, r-release-macos-arm64, r-release-macos-x86_64, r-release-windows-x86_64, r-oldrel-macos-arm64, r-oldrel-windows-x86_64