CRAN Package Check Results for Package piton

Last updated on 2024-03-03 16:50:05 CET.

Flavor Version Tinstall Tcheck Ttotal Status Flags
r-devel-linux-x86_64-debian-clang 1.0.0 20.88 28.38 49.26 NOTE
r-devel-linux-x86_64-debian-gcc 1.0.0 15.15 22.20 37.35 NOTE
r-devel-linux-x86_64-fedora-clang 1.0.0 73.14 NOTE
r-devel-linux-x86_64-fedora-gcc 1.0.0 63.76 NOTE
r-devel-windows-x86_64 1.0.0 20.00 60.00 80.00 NOTE
r-patched-linux-x86_64 1.0.0 17.57 28.19 45.76 NOTE
r-release-linux-x86_64 1.0.0 18.39 27.80 46.19 NOTE
r-release-macos-arm64 1.0.0 25.00 NOTE
r-release-macos-x86_64 1.0.0 35.00 NOTE
r-release-windows-x86_64 1.0.0 23.00 68.00 91.00 NOTE
r-oldrel-macos-arm64 1.0.0 27.00 NOTE
r-oldrel-windows-x86_64 1.0.0 26.00 69.00 95.00 NOTE

Check Details

Version: 1.0.0
Check: C++ specification
Result: NOTE Specified C++11: please drop specification unless essential Flavors: r-devel-linux-x86_64-debian-clang, r-devel-linux-x86_64-debian-gcc, r-devel-linux-x86_64-fedora-clang, r-devel-linux-x86_64-fedora-gcc, r-devel-windows-x86_64, r-patched-linux-x86_64, r-release-linux-x86_64, r-release-macos-arm64, r-release-macos-x86_64, r-release-windows-x86_64

Version: 1.0.0
Check: LazyData
Result: NOTE 'LazyData' is specified without a 'data' directory Flavors: r-devel-linux-x86_64-debian-clang, r-devel-linux-x86_64-debian-gcc, r-devel-linux-x86_64-fedora-clang, r-devel-linux-x86_64-fedora-gcc, r-devel-windows-x86_64, r-patched-linux-x86_64, r-release-linux-x86_64, r-release-macos-arm64, r-release-macos-x86_64, r-release-windows-x86_64, r-oldrel-macos-arm64, r-oldrel-windows-x86_64