CRAN Package Check Results for Package pins

Last updated on 2020-08-08 03:50:49 CEST.

Flavor Version Tinstall Tcheck Ttotal Status Flags
r-devel-linux-x86_64-debian-clang 0.4.3 8.78 75.57 84.35 OK
r-devel-linux-x86_64-debian-gcc 0.4.3 6.30 59.13 65.43 OK
r-devel-linux-x86_64-fedora-clang 0.4.3 105.48 NOTE
r-devel-linux-x86_64-fedora-gcc 0.4.3 97.76 NOTE
r-devel-windows-ix86+x86_64 0.4.3 23.00 131.00 154.00 OK
r-patched-linux-x86_64 0.4.3 6.76 75.57 82.33 OK
r-patched-solaris-x86 0.4.3 136.90 NOTE
r-release-linux-x86_64 0.4.3 6.77 75.48 82.25 OK
r-release-macos-x86_64 0.4.3 NOTE
r-release-windows-ix86+x86_64 0.4.3 17.00 133.00 150.00 OK
r-oldrel-macos-x86_64 0.4.3 NOTE
r-oldrel-windows-ix86+x86_64 0.4.3 11.00 89.00 100.00 OK

Check Details

Version: 0.4.3
Check: data for non-ASCII characters
Result: NOTE
     Note: found 36 marked UTF-8 strings
Flavors: r-devel-linux-x86_64-fedora-clang, r-devel-linux-x86_64-fedora-gcc, r-patched-solaris-x86, r-release-macos-x86_64, r-oldrel-macos-x86_64