CRAN Package Check Results for Package pinp

Last updated on 2020-08-03 05:48:56 CEST.

Flavor Version Tinstall Tcheck Ttotal Status Flags
r-devel-linux-x86_64-debian-clang 0.0.9 2.20 30.22 32.42 OK
r-devel-linux-x86_64-debian-gcc 0.0.9 1.85 24.16 26.01 OK
r-devel-linux-x86_64-fedora-clang 0.0.9 48.27 NOTE
r-devel-linux-x86_64-fedora-gcc 0.0.9 39.58 OK
r-devel-windows-ix86+x86_64 0.0.9 9.00 47.00 56.00 OK
r-patched-linux-x86_64 0.0.9 2.36 30.19 32.55 OK
r-patched-solaris-x86 0.0.9 56.00 OK
r-release-linux-x86_64 0.0.9 2.43 30.15 32.58 OK
r-release-macos-x86_64 0.0.9 OK
r-release-windows-ix86+x86_64 0.0.9 8.00 80.00 88.00 OK
r-oldrel-macos-x86_64 0.0.9 OK
r-oldrel-windows-ix86+x86_64 0.0.9 4.00 55.00 59.00 OK

Check Details

Version: 0.0.9
Check: Rd cross-references
Result: NOTE
    Undeclared package ‘rticles’ in Rd xrefs
Flavor: r-devel-linux-x86_64-fedora-clang