Last updated on 2023-12-01 04:54:05 CET.
Flavor | Version | Tinstall | Tcheck | Ttotal | Status | Flags |
---|---|---|---|---|---|---|
r-devel-linux-x86_64-debian-clang | 1.13.8 | 28.69 | 177.01 | 205.70 | NOTE | |
r-devel-linux-x86_64-debian-gcc | 1.13.8 | 22.07 | 128.90 | 150.97 | NOTE | |
r-devel-linux-x86_64-fedora-clang | 1.13.8 | 253.09 | NOTE | |||
r-devel-linux-x86_64-fedora-gcc | 1.13.8 | 243.00 | NOTE | |||
r-devel-windows-x86_64 | 1.13.8 | 25.00 | 128.00 | 153.00 | OK | |
r-patched-linux-x86_64 | 1.13.8 | 27.62 | 166.03 | 193.65 | OK | |
r-release-linux-x86_64 | 1.13.8 | 24.44 | 166.43 | 190.87 | OK | |
r-release-macos-arm64 | 1.13.8 | 60.00 | OK | |||
r-release-macos-x86_64 | 1.13.8 | 197.00 | OK | |||
r-release-windows-x86_64 | 1.13.8 | 35.00 | 170.00 | 205.00 | OK | |
r-oldrel-macos-arm64 | 1.13.8 | 66.00 | OK | |||
r-oldrel-macos-x86_64 | 1.13.8 | 86.00 | OK | |||
r-oldrel-windows-x86_64 | 1.13.8 | 34.00 | 161.00 | 195.00 | OK |
Version: 1.13.8
Check: Rd files
Result: NOTE
checkRd: (-1) game_systems.Rd:106: Lost braces
106 | \item{playing_cards_expansion}{A piecepack with the standard dQuote{French} playing card suits.
| ^
Flavors: r-devel-linux-x86_64-debian-clang, r-devel-linux-x86_64-debian-gcc
Version: 1.13.8
Check: data for non-ASCII characters
Result: NOTE
Note: found 3 marked UTF-8 strings
Flavors: r-devel-linux-x86_64-fedora-clang, r-devel-linux-x86_64-fedora-gcc