Last updated on 2023-12-06 16:53:21 CET.
Flavor | Version | Tinstall | Tcheck | Ttotal | Status | Flags |
---|---|---|---|---|---|---|
r-devel-linux-x86_64-debian-clang | 1.1.0 | 174.90 | 178.09 | 352.99 | NOTE | |
r-devel-linux-x86_64-debian-gcc | 1.1.0 | 124.65 | 130.17 | 254.82 | NOTE | |
r-devel-linux-x86_64-fedora-clang | 1.1.0 | 740.43 | OK | |||
r-devel-linux-x86_64-fedora-gcc | 1.1.0 | 791.44 | OK | |||
r-devel-windows-x86_64 | 1.1.0 | 124.00 | 161.00 | 285.00 | NOTE | |
r-patched-linux-x86_64 | 1.1.0 | 120.42 | 164.17 | 284.59 | NOTE | |
r-release-linux-x86_64 | 1.1.0 | 120.91 | 165.56 | 286.47 | NOTE | |
r-release-macos-arm64 | 1.1.0 | 120.00 | NOTE | |||
r-release-macos-x86_64 | 1.1.0 | 207.00 | NOTE | |||
r-release-windows-x86_64 | 1.1.0 | 164.00 | 196.00 | 360.00 | NOTE | |
r-oldrel-macos-arm64 | 1.1.0 | 116.00 | NOTE | |||
r-oldrel-macos-x86_64 | 1.1.0 | 183.00 | NOTE | |||
r-oldrel-windows-x86_64 | 1.1.0 | 156.00 | 186.00 | 342.00 | NOTE |
Version: 1.1.0
Check: package dependencies
Result: NOTE
Package suggested but not available for checking: ‘INLA’
Flavors: r-devel-linux-x86_64-debian-clang, r-devel-linux-x86_64-debian-gcc, r-devel-windows-x86_64, r-patched-linux-x86_64, r-release-linux-x86_64, r-release-macos-arm64, r-release-windows-x86_64, r-oldrel-macos-arm64, r-oldrel-macos-x86_64, r-oldrel-windows-x86_64
Version: 1.1.0
Check: installed package size
Result: NOTE
installed size is 12.8Mb
sub-directories of 1Mb or more:
doc 2.0Mb
libs 10.2Mb
Flavors: r-release-macos-arm64, r-release-macos-x86_64, r-oldrel-macos-arm64, r-oldrel-macos-x86_64
Version: 1.1.0
Check: package dependencies
Result: NOTE
Packages suggested but not available for checking: 'INLA', 'DHARMa', 'rr2'
Flavor: r-release-macos-x86_64