CRAN Package Check Results for Package phylter

Last updated on 2024-02-26 04:49:35 CET.

Flavor Version Tinstall Tcheck Ttotal Status Flags
r-devel-linux-x86_64-debian-clang 0.9.11 19.50 148.91 168.41 NOTE
r-devel-linux-x86_64-debian-gcc 0.9.11 15.81 111.35 127.16 NOTE
r-devel-linux-x86_64-fedora-clang 0.9.11 218.06 OK
r-devel-linux-x86_64-fedora-gcc 0.9.11 211.09 OK
r-devel-windows-x86_64 0.9.11 21.00 138.00 159.00 OK
r-patched-linux-x86_64 0.9.11 20.98 143.14 164.12 OK
r-release-linux-x86_64 0.9.11 17.63 145.88 163.51 OK
r-release-macos-arm64 0.9.11 73.00 OK
r-release-macos-x86_64 0.9.11 174.00 OK
r-release-windows-x86_64 0.9.11 27.00 166.00 193.00 OK
r-oldrel-macos-arm64 0.9.11 68.00 OK
r-oldrel-windows-x86_64 0.9.11 24.00 165.00 189.00 OK

Check Details

Version: 0.9.11
Check: Rd files
Result: NOTE checkRd: (-1) phylter.Rd:51: Lost braces; missing escapes or markup? 51 | the output ({out$DiscardedGenes}).} | ^ Flavors: r-devel-linux-x86_64-debian-clang, r-devel-linux-x86_64-debian-gcc