CRAN Package Check Results for Package phyloregion

Last updated on 2020-08-10 06:47:36 CEST.

Flavor Version Tinstall Tcheck Ttotal Status Flags
r-devel-linux-x86_64-debian-clang 1.0.4 15.13 170.56 185.69 OK
r-devel-linux-x86_64-debian-gcc 1.0.4 12.75 131.45 144.20 OK
r-devel-linux-x86_64-fedora-clang 1.0.4 228.34 NOTE
r-devel-linux-x86_64-fedora-gcc 1.0.4 219.89 NOTE
r-devel-windows-ix86+x86_64 1.0.4 41.00 222.00 263.00 OK
r-patched-linux-x86_64 1.0.4 16.38 166.33 182.71 OK
r-patched-solaris-x86 1.0.4 340.80 NOTE
r-release-linux-x86_64 1.0.4 16.32 167.60 183.92 OK
r-release-macos-x86_64 1.0.4 NOTE
r-release-windows-ix86+x86_64 1.0.4 43.00 225.00 268.00 OK
r-oldrel-macos-x86_64 1.0.4 NOTE
r-oldrel-windows-ix86+x86_64 1.0.4 28.00 154.00 182.00 OK

Check Details

Version: 1.0.4
Check: dependencies in R code
Result: NOTE
    Namespaces in Imports field not imported from:
     ‘rgdal’ ‘rgeos’
     All declared Imports should be used.
Flavors: r-devel-linux-x86_64-fedora-clang, r-devel-linux-x86_64-fedora-gcc, r-patched-solaris-x86, r-release-macos-x86_64, r-oldrel-macos-x86_64

Version: 1.0.4
Check: Rd cross-references
Result: NOTE
    Undeclared package ‘picante’ in Rd xrefs
Flavor: r-devel-linux-x86_64-fedora-clang