CRAN Package Check Results for Package phylocanvas

Last updated on 2024-02-23 16:53:25 CET.

Flavor Version Tinstall Tcheck Ttotal Status Flags
r-devel-linux-x86_64-debian-clang 0.1.3 NOTE
r-devel-linux-x86_64-debian-gcc 0.1.3 7.54 67.70 75.24 NOTE
r-devel-linux-x86_64-fedora-clang 0.1.3 130.95 NOTE
r-devel-linux-x86_64-fedora-gcc 0.1.3 128.16 NOTE
r-devel-windows-x86_64 0.1.3 10.00 84.00 94.00 NOTE
r-patched-linux-x86_64 0.1.3 6.79 88.36 95.15 NOTE
r-release-linux-x86_64 0.1.3 6.51 87.87 94.38 NOTE
r-release-macos-arm64 0.1.3 47.00 NOTE
r-release-macos-x86_64 0.1.3 82.00 NOTE
r-release-windows-x86_64 0.1.3 13.00 96.00 109.00 NOTE
r-oldrel-macos-arm64 0.1.3 36.00 NOTE
r-oldrel-windows-x86_64 0.1.3 12.00 102.00 114.00 NOTE

Check Details

Version: 0.1.3
Check: LazyData
Result: NOTE 'LazyData' is specified without a 'data' directory Flavors: r-devel-linux-x86_64-debian-clang, r-devel-linux-x86_64-debian-gcc, r-devel-linux-x86_64-fedora-clang, r-devel-linux-x86_64-fedora-gcc, r-devel-windows-x86_64, r-patched-linux-x86_64, r-release-linux-x86_64, r-release-macos-arm64, r-release-macos-x86_64, r-release-windows-x86_64, r-oldrel-macos-arm64, r-oldrel-windows-x86_64