CRAN Package Check Results for Package phylobase

Last updated on 2024-06-13 16:49:19 CEST.

Flavor Version Tinstall Tcheck Ttotal Status Flags
r-devel-linux-x86_64-debian-clang 0.8.12 42.05 163.73 205.78 OK
r-devel-linux-x86_64-debian-gcc 0.8.12 0.48 1.71 2.19 ERROR
r-devel-linux-x86_64-fedora-clang 0.8.12 260.67 OK
r-devel-linux-x86_64-fedora-gcc 0.8.12 260.18 OK
r-devel-windows-x86_64 0.8.12 35.00 150.00 185.00 OK
r-patched-linux-x86_64 0.8.12 38.43 152.65 191.08 OK
r-release-linux-x86_64 0.8.12 26.92 155.73 182.65 OK
r-release-macos-arm64 0.8.12 76.00 OK
r-release-macos-x86_64 0.8.12 111.00 OK
r-release-windows-x86_64 0.8.12 35.00 155.00 190.00 OK
r-oldrel-macos-arm64 0.8.12 89.00 OK
r-oldrel-macos-x86_64 0.8.12 136.00 OK
r-oldrel-windows-x86_64 0.8.12 47.00 188.00 235.00 OK

Check Details

Version: 0.8.12
Check: package dependencies
Result: ERROR Packages required but not available: 'rncl', 'RNeXML' Package suggested but not available for checking: ‘testthat’ See section ‘The DESCRIPTION file’ in the ‘Writing R Extensions’ manual. Flavor: r-devel-linux-x86_64-debian-gcc