Last updated on 2023-11-28 05:52:00 CET.
Flavor | Version | Tinstall | Tcheck | Ttotal | Status | Flags |
---|---|---|---|---|---|---|
r-devel-linux-x86_64-debian-clang | 0.3.8 | 89.43 | 246.45 | 335.88 | NOTE | |
r-devel-linux-x86_64-debian-gcc | 0.3.8 | 60.22 | 207.95 | 268.17 | NOTE | |
r-devel-linux-x86_64-fedora-clang | 0.3.8 | 431.25 | NOTE | |||
r-devel-linux-x86_64-fedora-gcc | 0.3.8 | 425.26 | NOTE | |||
r-devel-windows-x86_64 | 0.3.8 | 64.00 | 284.00 | 348.00 | NOTE | |
r-patched-linux-x86_64 | 0.3.8 | 70.87 | 226.47 | 297.34 | OK | |
r-release-linux-x86_64 | 0.3.8 | 50.23 | 226.57 | 276.80 | OK | |
r-release-macos-arm64 | 0.3.8 | 106.00 | OK | |||
r-release-macos-x86_64 | 0.3.8 | 180.00 | NOTE | |||
r-release-windows-x86_64 | 0.3.8 | 87.00 | 324.00 | 411.00 | OK | |
r-oldrel-macos-arm64 | 0.3.8 | 91.00 | OK | |||
r-oldrel-macos-x86_64 | 0.3.8 | 133.00 | OK | |||
r-oldrel-windows-x86_64 | 0.3.8 | 82.00 | 307.00 | 389.00 | OK |
Version: 0.3.8
Check: Rd \usage sections
Result: NOTE
Documented arguments not in \usage in Rd file 'process_season.Rd':
‘d’ ‘options_season’
Functions with \usage entries need to have the appropriate \alias
entries, and all their arguments documented.
The \usage entries must correspond to syntactically valid R code.
See chapter ‘Writing R documentation files’ in the ‘Writing R
Extensions’ manual.
Flavors: r-devel-linux-x86_64-debian-clang, r-devel-linux-x86_64-debian-gcc, r-devel-linux-x86_64-fedora-clang, r-devel-linux-x86_64-fedora-gcc, r-devel-windows-x86_64
Version: 0.3.8
Check: package dependencies
Result: NOTE
Package suggested but not available for checking: ‘spam’
Flavor: r-release-macos-x86_64