CRAN Package Check Results for Package pheno

Last updated on 2024-06-24 16:57:10 CEST.

Flavor Version Tinstall Tcheck Ttotal Status Flags
r-devel-linux-x86_64-debian-clang 1.7-0 10.53 80.88 91.41 NOTE
r-devel-linux-x86_64-debian-gcc 1.7-0 7.67 60.62 68.29 NOTE
r-devel-linux-x86_64-fedora-clang 1.7-0 113.49 NOTE
r-devel-linux-x86_64-fedora-gcc 1.7-0 106.86 NOTE
r-devel-windows-x86_64 1.7-0 12.00 79.00 91.00 NOTE
r-patched-linux-x86_64 1.7-0 11.02 76.11 87.13 NOTE
r-release-linux-x86_64 1.7-0 9.01 77.97 86.98 NOTE
r-release-macos-arm64 1.7-0 35.00 NOTE
r-release-macos-x86_64 1.7-0 54.00 NOTE
r-release-windows-x86_64 1.7-0 11.00 80.00 91.00 NOTE
r-oldrel-macos-arm64 1.7-0 42.00 NOTE
r-oldrel-macos-x86_64 1.7-0 62.00 NOTE
r-oldrel-windows-x86_64 1.7-0 15.00 95.00 110.00 NOTE

Check Details

Version: 1.7-0
Check: Rd files
Result: NOTE checkRd: (-1) connectedSets.Rd:27: Escaped LaTeX specials: \_ \_ checkRd: (-1) connectedSets.Rd:29: Escaped LaTeX specials: \_ \_ checkRd: (-1) connectedSets.Rd:31: Escaped LaTeX specials: \_ \_ checkRd: (-1) maxConnectedSet.Rd:35: Escaped LaTeX specials: \_ \_ \_ \_ \_ \_ \_ \_ checkRd: (-1) maxConnectedSet.Rd:37: Escaped LaTeX specials: \_ \_ \_ \_ \_ \_ \_ \_ \_ \_ checkRd: (-1) maxConnectedSet.Rd:39: Escaped LaTeX specials: \_ \_ \_ \_ \_ \_ \_ \_ \_ \_ checkRd: (-1) maxConnectedSet.Rd:41: Escaped LaTeX specials: \_ \_ \_ \_ \_ \_ \_ \_ \_ \_ checkRd: (-1) maxConnectedSet.Rd:45: Escaped LaTeX specials: \_ \_ \_ \_ \_ \_ \_ \_ \_ \_ checkRd: (-1) maxConnectedSet.Rd:47: Escaped LaTeX specials: \_ \_ Flavors: r-devel-linux-x86_64-debian-clang, r-devel-linux-x86_64-debian-gcc, r-devel-linux-x86_64-fedora-clang, r-devel-linux-x86_64-fedora-gcc, r-devel-windows-x86_64, r-patched-linux-x86_64, r-release-linux-x86_64, r-release-macos-arm64, r-release-macos-x86_64, r-release-windows-x86_64, r-oldrel-macos-arm64, r-oldrel-macos-x86_64, r-oldrel-windows-x86_64