CRAN Package Check Results for Package pheno

Last updated on 2023-09-28 05:56:55 CEST.

Flavor Version Tinstall Tcheck Ttotal Status Flags
r-devel-linux-x86_64-debian-clang 1.7-0 11.45 84.24 95.69 NOTE
r-devel-linux-x86_64-debian-gcc 1.7-0 8.12 65.61 73.73 NOTE
r-devel-linux-x86_64-fedora-clang 1.7-0 117.33 NOTE
r-devel-linux-x86_64-fedora-gcc 1.7-0 115.35 NOTE
r-devel-windows-x86_64 1.7-0 13.00 85.00 98.00 NOTE
r-patched-linux-x86_64 1.7-0 9.66 82.70 92.36 NOTE
r-release-linux-x86_64 1.7-0 8.95 83.66 92.61 NOTE
r-release-macos-arm64 1.7-0 42.00 NOTE
r-release-macos-x86_64 1.7-0 62.00 NOTE
r-release-windows-x86_64 1.7-0 15.00 94.00 109.00 NOTE
r-oldrel-macos-arm64 1.7-0 39.00 OK
r-oldrel-macos-x86_64 1.7-0 53.00 OK
r-oldrel-windows-x86_64 1.7-0 15.00 105.00 120.00 OK

Check Details

Version: 1.7-0
Check: Rd files
Result: NOTE
    checkRd: (-1) connectedSets.Rd:27: Escaped LaTeX specials: \_ \_
    checkRd: (-1) connectedSets.Rd:29: Escaped LaTeX specials: \_ \_
    checkRd: (-1) connectedSets.Rd:31: Escaped LaTeX specials: \_ \_
    checkRd: (-1) maxConnectedSet.Rd:35: Escaped LaTeX specials: \_ \_ \_ \_ \_ \_ \_ \_
    checkRd: (-1) maxConnectedSet.Rd:37: Escaped LaTeX specials: \_ \_ \_ \_ \_ \_ \_ \_ \_ \_
    checkRd: (-1) maxConnectedSet.Rd:39: Escaped LaTeX specials: \_ \_ \_ \_ \_ \_ \_ \_ \_ \_
    checkRd: (-1) maxConnectedSet.Rd:41: Escaped LaTeX specials: \_ \_ \_ \_ \_ \_ \_ \_ \_ \_
    checkRd: (-1) maxConnectedSet.Rd:45: Escaped LaTeX specials: \_ \_ \_ \_ \_ \_ \_ \_ \_ \_
    checkRd: (-1) maxConnectedSet.Rd:47: Escaped LaTeX specials: \_ \_
Flavors: r-devel-linux-x86_64-debian-clang, r-devel-linux-x86_64-debian-gcc, r-devel-linux-x86_64-fedora-clang, r-devel-linux-x86_64-fedora-gcc, r-devel-windows-x86_64, r-patched-linux-x86_64, r-release-linux-x86_64, r-release-macos-arm64, r-release-macos-x86_64, r-release-windows-x86_64