CRAN Package Check Results for Package ph2bye

Last updated on 2024-03-02 04:48:30 CET.

Flavor Version Tinstall Tcheck Ttotal Status Flags
r-devel-linux-x86_64-debian-clang 0.1.4 22.56 40.94 63.50 NOTE
r-devel-linux-x86_64-debian-gcc 0.1.4 13.85 29.92 43.77 NOTE
r-devel-linux-x86_64-fedora-clang 0.1.4 90.28 NOTE
r-devel-linux-x86_64-fedora-gcc 0.1.4 80.45 NOTE
r-devel-windows-x86_64 0.1.4 17.00 72.00 89.00 NOTE
r-patched-linux-x86_64 0.1.4 18.84 39.69 58.53 NOTE
r-release-linux-x86_64 0.1.4 18.22 40.06 58.28 NOTE
r-release-macos-arm64 0.1.4 27.00 NOTE
r-release-macos-x86_64 0.1.4 39.00 NOTE
r-release-windows-x86_64 0.1.4 16.00 78.00 94.00 NOTE
r-oldrel-macos-arm64 0.1.4 24.00 NOTE
r-oldrel-windows-x86_64 0.1.4 20.00 76.00 96.00 NOTE

Check Details

Version: 0.1.4
Check: LazyData
Result: NOTE 'LazyData' is specified without a 'data' directory Flavors: r-devel-linux-x86_64-debian-clang, r-devel-linux-x86_64-debian-gcc, r-devel-linux-x86_64-fedora-clang, r-devel-linux-x86_64-fedora-gcc, r-devel-windows-x86_64, r-patched-linux-x86_64, r-release-linux-x86_64, r-release-macos-arm64, r-release-macos-x86_64, r-release-windows-x86_64, r-oldrel-macos-arm64, r-oldrel-windows-x86_64

Version: 0.1.4
Check: for non-standard things in the check directory
Result: NOTE Found the following files/directories: ‘animation.gif’ Flavors: r-devel-linux-x86_64-debian-clang, r-devel-linux-x86_64-debian-gcc, r-devel-linux-x86_64-fedora-clang, r-devel-linux-x86_64-fedora-gcc, r-patched-linux-x86_64, r-release-linux-x86_64

Version: 0.1.4
Check: compiled code
Result: NOTE File ‘ph2bye/libs/ph2bye.so’: Found no calls to: ‘R_registerRoutines’, ‘R_useDynamicSymbols’ It is good practice to register native routines and to disable symbol search. See ‘Writing portable packages’ in the ‘Writing R Extensions’ manual. Flavors: r-devel-linux-x86_64-fedora-clang, r-devel-linux-x86_64-fedora-gcc