CRAN Package Check Results for Package pgirmess

Last updated on 2024-02-24 16:48:28 CET.

Flavor Version Tinstall Tcheck Ttotal Status Flags
r-devel-linux-x86_64-debian-clang 2.0.3 7.56 87.79 95.35 OK
r-devel-linux-x86_64-debian-gcc 2.0.3 6.22 65.00 71.22 OK
r-devel-linux-x86_64-fedora-clang 2.0.3 113.54 NOTE
r-devel-linux-x86_64-fedora-gcc 2.0.3 116.68 OK
r-devel-windows-x86_64 2.0.3 9.00 86.00 95.00 OK
r-patched-linux-x86_64 2.0.3 7.34 83.89 91.23 OK
r-release-linux-x86_64 2.0.3 8.76 83.25 92.01 OK
r-release-macos-arm64 2.0.3 41.00 OK
r-release-macos-x86_64 2.0.3 85.00 OK
r-release-windows-x86_64 2.0.3 11.00 102.00 113.00 OK
r-oldrel-macos-arm64 2.0.3 41.00 OK
r-oldrel-windows-x86_64 2.0.3 12.00 109.00 121.00 OK

Check Details

Version: 2.0.3
Check: Rd cross-references
Result: NOTE Undeclared packages ‘classInt’, ‘agricolae’, ‘plotrix’, ‘AICcmodavg’ in Rd xrefs Flavor: r-devel-linux-x86_64-fedora-clang