CRAN Package Check Results for Package petrinetR

Last updated on 2024-02-24 16:48:28 CET.

Flavor Version Tinstall Tcheck Ttotal Status Flags
r-devel-linux-x86_64-debian-clang 0.3.0 6.13 46.71 52.84 NOTE
r-devel-linux-x86_64-debian-gcc 0.3.0 4.91 35.48 40.39 NOTE
r-devel-linux-x86_64-fedora-clang 0.3.0 67.11 OK
r-devel-linux-x86_64-fedora-gcc 0.3.0 61.26 OK
r-devel-windows-x86_64 0.3.0 7.00 57.00 64.00 OK
r-patched-linux-x86_64 0.3.0 4.35 45.08 49.43 OK
r-release-linux-x86_64 0.3.0 3.73 45.13 48.86 OK
r-release-macos-arm64 0.3.0 25.00 OK
r-release-macos-x86_64 0.3.0 33.00 OK
r-release-windows-x86_64 0.3.0 8.00 62.00 70.00 OK
r-oldrel-macos-arm64 0.3.0 28.00 OK
r-oldrel-windows-x86_64 0.3.0 8.00 61.00 69.00 OK

Check Details

Version: 0.3.0
Check: Rd files
Result: NOTE checkRd: (-1) read_PN.Rd:15: Lost braces 15 | A code{\link{marked_petrinet}} | ^ Flavors: r-devel-linux-x86_64-debian-clang, r-devel-linux-x86_64-debian-gcc