CRAN Package Check Results for Package permGS

Last updated on 2024-02-24 16:48:28 CET.

Flavor Version Tinstall Tcheck Ttotal Status Flags
r-devel-linux-x86_64-debian-clang 0.2.5 8.64 84.26 92.90 NOTE
r-devel-linux-x86_64-debian-gcc 0.2.5 6.37 65.28 71.65 NOTE
r-devel-linux-x86_64-fedora-clang 0.2.5 116.29 NOTE
r-devel-linux-x86_64-fedora-gcc 0.2.5 113.13 NOTE
r-devel-windows-x86_64 0.2.5 9.00 81.00 90.00 NOTE
r-patched-linux-x86_64 0.2.5 9.16 86.89 96.05 NOTE
r-release-linux-x86_64 0.2.5 9.31 85.86 95.17 NOTE
r-release-macos-arm64 0.2.5 42.00 NOTE
r-release-macos-x86_64 0.2.5 64.00 NOTE
r-release-windows-x86_64 0.2.5 12.00 91.00 103.00 NOTE
r-oldrel-macos-arm64 0.2.5 36.00 NOTE
r-oldrel-windows-x86_64 0.2.5 12.00 97.00 109.00 NOTE

Check Details

Version: 0.2.5
Check: LazyData
Result: NOTE 'LazyData' is specified without a 'data' directory Flavors: r-devel-linux-x86_64-debian-clang, r-devel-linux-x86_64-debian-gcc, r-devel-linux-x86_64-fedora-clang, r-devel-linux-x86_64-fedora-gcc, r-devel-windows-x86_64, r-patched-linux-x86_64, r-release-linux-x86_64, r-release-macos-arm64, r-release-macos-x86_64, r-release-windows-x86_64, r-oldrel-macos-arm64, r-oldrel-windows-x86_64