CRAN Package Check Results for Package permGS

Last updated on 2025-01-15 04:48:58 CET.

Flavor Version Tinstall Tcheck Ttotal Status Flags
r-devel-linux-x86_64-debian-clang 0.2.5 7.05 68.44 75.49 NOTE
r-devel-linux-x86_64-debian-gcc 0.2.5 5.82 51.56 57.38 NOTE
r-devel-linux-x86_64-fedora-clang 0.2.5 119.58 OK
r-devel-linux-x86_64-fedora-gcc 0.2.5 121.39 OK
r-devel-windows-x86_64 0.2.5 10.00 79.00 89.00 NOTE
r-patched-linux-x86_64 0.2.5 7.19 65.05 72.24 NOTE
r-release-linux-x86_64 0.2.5 7.42 64.49 71.91 NOTE
r-release-macos-arm64 0.2.5 36.00 NOTE
r-release-macos-x86_64 0.2.5 55.00 NOTE
r-release-windows-x86_64 0.2.5 9.00 85.00 94.00 NOTE
r-oldrel-macos-arm64 0.2.5 42.00 NOTE
r-oldrel-macos-x86_64 0.2.5 64.00 NOTE
r-oldrel-windows-x86_64 0.2.5 11.00 91.00 102.00 NOTE

Check Details

Version: 0.2.5
Check: Rd cross-references
Result: NOTE Found the following Rd file(s) with Rd \link{} targets missing package anchors: exactLR.Rd: coxph nextStage.Rd: coxph permHeinze.Rd: coxph permIPT.Rd: coxph permIPZ.Rd: coxph permLR.Rd: coxph Please provide package anchors for all Rd \link{} targets not in the package itself and the base packages. Flavors: r-devel-linux-x86_64-debian-clang, r-devel-linux-x86_64-debian-gcc, r-devel-windows-x86_64

Version: 0.2.5
Check: LazyData
Result: NOTE 'LazyData' is specified without a 'data' directory Flavors: r-patched-linux-x86_64, r-release-linux-x86_64, r-release-macos-arm64, r-release-macos-x86_64, r-release-windows-x86_64, r-oldrel-macos-arm64, r-oldrel-macos-x86_64, r-oldrel-windows-x86_64