CRAN Package Check Results for Package pergola

Last updated on 2024-02-27 16:49:23 CET.

Flavor Version Tinstall Tcheck Ttotal Status Flags
r-devel-linux-x86_64-debian-clang 1.0 2.68 75.08 77.76 NOTE
r-devel-linux-x86_64-debian-gcc 1.0 2.20 56.32 58.52 NOTE
r-devel-linux-x86_64-fedora-clang 1.0 96.43 NOTE
r-devel-linux-x86_64-fedora-gcc 1.0 104.99 NOTE
r-devel-windows-x86_64 1.0 4.00 84.00 88.00 NOTE
r-patched-linux-x86_64 1.0 3.80 72.14 75.94 NOTE
r-release-linux-x86_64 1.0 2.90 71.28 74.18 NOTE
r-release-macos-arm64 1.0 39.00 NOTE
r-release-macos-x86_64 1.0 53.00 NOTE
r-release-windows-x86_64 1.0 4.00 96.00 100.00 NOTE
r-oldrel-macos-arm64 1.0 33.00 NOTE
r-oldrel-windows-x86_64 1.0 5.00 93.00 98.00 NOTE

Check Details

Version: 1.0
Check: package dependencies
Result: NOTE Package suggested but not available for checking: ‘dendextendRcpp’ Flavors: r-devel-linux-x86_64-debian-clang, r-devel-linux-x86_64-debian-gcc, r-devel-linux-x86_64-fedora-clang, r-devel-linux-x86_64-fedora-gcc, r-devel-windows-x86_64, r-patched-linux-x86_64, r-release-linux-x86_64, r-release-macos-arm64, r-release-macos-x86_64, r-release-windows-x86_64, r-oldrel-macos-arm64, r-oldrel-windows-x86_64

Version: 1.0
Check: Rd \usage sections
Result: NOTE Documented arguments not in \usage in Rd file 'allTrees.Rd': ‘dist’ Documented arguments not in \usage in Rd file 'getNode.Rd': ‘hc’ ‘pair’ Documented arguments not in \usage in Rd file 'switchEntries.Rd': ‘pair’ Functions with \usage entries need to have the appropriate \alias entries, and all their arguments documented. The \usage entries must correspond to syntactically valid R code. See chapter ‘Writing R documentation files’ in the ‘Writing R Extensions’ manual. Flavors: r-devel-linux-x86_64-debian-clang, r-devel-linux-x86_64-debian-gcc, r-devel-linux-x86_64-fedora-clang, r-devel-linux-x86_64-fedora-gcc, r-devel-windows-x86_64