CRAN Package Check Results for Package pergola

Last updated on 2020-07-02 15:54:06 CEST.

Flavor Version Tinstall Tcheck Ttotal Status Flags
r-devel-linux-x86_64-debian-clang 1.0 3.18 62.05 65.23 NOTE
r-devel-linux-x86_64-debian-gcc 1.0 2.57 49.40 51.97 NOTE
r-devel-linux-x86_64-fedora-clang 1.0 89.14 NOTE
r-devel-linux-x86_64-fedora-gcc 1.0 79.55 NOTE
r-devel-windows-ix86+x86_64 1.0 14.00 73.00 87.00 NOTE
r-patched-linux-x86_64 1.0 2.05 64.38 66.43 NOTE
r-patched-solaris-x86 1.0 107.20 NOTE
r-release-linux-x86_64 1.0 1.95 64.66 66.61 NOTE
r-release-osx-x86_64 1.0 NOTE
r-release-windows-ix86+x86_64 1.0 10.00 72.00 82.00 NOTE
r-oldrel-osx-x86_64 1.0 NOTE
r-oldrel-windows-ix86+x86_64 1.0 9.00 90.00 99.00 NOTE

Check Details

Version: 1.0
Check: package dependencies
Result: NOTE
    Package suggested but not available for checking: 'dendextendRcpp'
Flavors: r-devel-linux-x86_64-debian-clang, r-devel-linux-x86_64-debian-gcc, r-devel-linux-x86_64-fedora-clang, r-devel-linux-x86_64-fedora-gcc, r-devel-windows-ix86+x86_64, r-patched-linux-x86_64, r-patched-solaris-x86, r-release-linux-x86_64, r-release-osx-x86_64, r-release-windows-ix86+x86_64, r-oldrel-osx-x86_64, r-oldrel-windows-ix86+x86_64