CRAN Package Check Results for Package performance

Last updated on 2020-07-13 04:48:34 CEST.

Flavor Version Tinstall Tcheck Ttotal Status Flags
r-devel-linux-x86_64-debian-clang 0.4.7 12.05 114.48 126.53 OK
r-devel-linux-x86_64-debian-gcc 0.4.7 10.08 86.94 97.02 OK
r-devel-linux-x86_64-fedora-clang 0.4.7 152.99 OK
r-devel-linux-x86_64-fedora-gcc 0.4.7 150.94 OK
r-devel-windows-ix86+x86_64 0.4.7 20.00 137.00 157.00 OK
r-patched-linux-x86_64 0.4.7 10.29 114.70 124.99 OK
r-patched-solaris-x86 0.4.7 191.80 OK
r-release-linux-x86_64 0.4.7 10.90 96.11 107.01 NOTE
r-release-macos-x86_64 0.4.7 ERROR
r-release-windows-ix86+x86_64 0.4.7 22.00 174.00 196.00 OK
r-oldrel-macos-x86_64 0.4.7 OK
r-oldrel-windows-ix86+x86_64 0.4.7 18.00 128.00 146.00 OK

Check Details

Version: 0.4.7
Check: package dependencies
Result: NOTE
    Package suggested but not available for checking: ‘rstanarm’
Flavor: r-release-linux-x86_64

Version: 0.4.7
Check: whether package can be installed
Result: ERROR
    Installation failed.
Flavor: r-release-macos-x86_64