CRAN Package Check Results for Package pencal

Last updated on 2024-02-26 04:49:35 CET.

Flavor Version Tinstall Tcheck Ttotal Status Flags
r-devel-linux-x86_64-debian-clang 2.1.1 16.88 131.41 148.29 OK
r-devel-linux-x86_64-debian-gcc 2.1.1 11.62 96.34 107.96 OK
r-devel-linux-x86_64-fedora-clang 2.1.1 187.51 OK
r-devel-linux-x86_64-fedora-gcc 2.1.1 189.83 OK
r-devel-windows-x86_64 2.1.1 14.00 148.00 162.00 OK
r-patched-linux-x86_64 2.1.1 22.38 124.01 146.39 OK
r-release-linux-x86_64 2.1.1 10.05 124.96 135.01 OK
r-release-macos-arm64 2.1.1 96.00 OK
r-release-macos-x86_64 2.1.1 190.00 OK
r-release-windows-x86_64 2.1.1 19.00 179.00 198.00 OK
r-oldrel-macos-arm64 2.1.1 94.00 NOTE
r-oldrel-windows-x86_64 2.1.1 20.00 192.00 212.00 OK

Check Details

Version: 2.1.1
Check: package dependencies
Result: NOTE Package suggested but not available for checking: ‘ptmixed’ Flavor: r-oldrel-macos-arm64