CRAN Package Check Results for Package penMSM

Last updated on 2020-08-08 15:46:57 CEST.

Flavor Version Tinstall Tcheck Ttotal Status Flags
r-devel-linux-x86_64-debian-clang 0.99 17.99 25.39 43.38 OK
r-devel-linux-x86_64-debian-gcc 0.99 13.65 20.16 33.81 OK
r-devel-linux-x86_64-fedora-clang 0.99 65.64 NOTE
r-devel-linux-x86_64-fedora-gcc 0.99 52.60 NOTE
r-devel-windows-ix86+x86_64 0.99 46.00 78.00 124.00 OK
r-patched-linux-x86_64 0.99 13.55 25.13 38.68 OK
r-patched-solaris-x86 0.99 63.20 OK
r-release-linux-x86_64 0.99 13.68 25.20 38.88 OK
r-release-macos-x86_64 0.99 OK
r-release-windows-ix86+x86_64 0.99 45.00 62.00 107.00 OK
r-oldrel-macos-x86_64 0.99 OK
r-oldrel-windows-ix86+x86_64 0.99 30.00 71.00 101.00 OK

Check Details

Version: 0.99
Check: compiled code
Result: NOTE
    File ‘penMSM/libs/penMSM.so’:
     Found no calls to: ‘R_registerRoutines’, ‘R_useDynamicSymbols’
    
    It is good practice to register native routines and to disable symbol
    search.
    
    See ‘Writing portable packages’ in the ‘Writing R Extensions’ manual.
Flavors: r-devel-linux-x86_64-fedora-clang, r-devel-linux-x86_64-fedora-gcc