CRAN Package Check Results for Package pedgene

Last updated on 2024-02-23 16:53:25 CET.

Flavor Version Tinstall Tcheck Ttotal Status Flags
r-devel-linux-x86_64-debian-clang 3.6 NOTE
r-devel-linux-x86_64-debian-gcc 3.6 7.33 71.38 78.71 NOTE
r-devel-linux-x86_64-fedora-clang 3.6 125.90 NOTE
r-devel-linux-x86_64-fedora-gcc 3.6 133.44 NOTE
r-devel-windows-x86_64 3.6 8.00 99.00 107.00 NOTE
r-patched-linux-x86_64 3.6 9.07 91.58 100.65 NOTE
r-release-linux-x86_64 3.6 9.64 91.06 100.70 NOTE
r-release-macos-arm64 3.6 53.00 NOTE
r-release-macos-x86_64 3.6 84.00 NOTE
r-release-windows-x86_64 3.6 11.00 120.00 131.00 NOTE
r-oldrel-macos-arm64 3.6 44.00 OK
r-oldrel-windows-x86_64 3.6 10.00 115.00 125.00 OK

Check Details

Version: 3.6
Check: Rd files
Result: NOTE checkRd: (-1) example.geno.Rd:24: Lost braces in \itemize; meant \describe ? checkRd: (-1) example.geno.Rd:25-26: Lost braces in \itemize; meant \describe ? checkRd: (-1) example.geno.Rd:27-28: Lost braces in \itemize; meant \describe ? checkRd: (-1) example.geno.Rd:33: Lost braces in \itemize; meant \describe ? checkRd: (-1) example.geno.Rd:34: Lost braces in \itemize; meant \describe ? checkRd: (-1) example.geno.Rd:35: Lost braces in \itemize; meant \describe ? checkRd: (-1) example.geno.Rd:36: Lost braces in \itemize; meant \describe ? checkRd: (-1) example.geno.Rd:37: Lost braces in \itemize; meant \describe ? checkRd: (-1) example.geno.Rd:38-40: Lost braces in \itemize; meant \describe ? checkRd: (-1) example.geno.Rd:41-45: Lost braces in \itemize; meant \describe ? checkRd: (-1) example.geno.Rd:49: Lost braces in \itemize; meant \describe ? checkRd: (-1) example.geno.Rd:50: Lost braces in \itemize; meant \describe ? checkRd: (-1) example.geno.Rd:55: Lost braces in \itemize; meant \describe ? checkRd: (-1) example.geno.Rd:56-57: Lost braces in \itemize; meant \describe ? checkRd: (-1) example.geno.Rd:58-59: Lost braces in \itemize; meant \describe ? checkRd: (-1) example.geno.Rd:60-61: Lost braces in \itemize; meant \describe ? Flavors: r-devel-linux-x86_64-debian-clang, r-devel-linux-x86_64-debian-gcc

Version: 3.6
Check: Rd \usage sections
Result: NOTE S3 methods shown with full name in Rd file 'format.relation.Rd': ‘format.relation’ The \usage entries for S3 methods should use the \method markup and not their full name. See chapter ‘Writing R documentation files’ in the ‘Writing R Extensions’ manual. Flavors: r-devel-linux-x86_64-debian-clang, r-devel-linux-x86_64-debian-gcc, r-devel-linux-x86_64-fedora-clang, r-devel-linux-x86_64-fedora-gcc, r-devel-windows-x86_64

Version: 3.6
Check: Rd \usage sections
Result: NOTE S3 methods shown with full name in documentation object 'format.relation': ‘format.relation’ The \usage entries for S3 methods should use the \method markup and not their full name. See chapter ‘Writing R documentation files’ in the ‘Writing R Extensions’ manual. Flavors: r-patched-linux-x86_64, r-release-linux-x86_64, r-release-macos-arm64, r-release-macos-x86_64, r-release-windows-x86_64