CRAN Package Check Results for Package pdftools

Last updated on 2020-08-08 03:50:49 CEST.

Flavor Version Tinstall Tcheck Ttotal Status Flags
r-devel-linux-x86_64-debian-clang 2.3.1 24.71 31.52 56.23 OK
r-devel-linux-x86_64-debian-gcc 2.3.1 18.30 25.22 43.52 OK
r-devel-linux-x86_64-fedora-clang 2.3.1 82.61 OK
r-devel-linux-x86_64-fedora-gcc 2.3.1 72.05 OK
r-devel-windows-ix86+x86_64 2.3.1 89.00 132.00 221.00 NOTE
r-patched-linux-x86_64 2.3.1 20.34 31.30 51.64 OK
r-patched-solaris-x86 2.3.1 87.80 NOTE
r-release-linux-x86_64 2.3.1 22.99 30.98 53.97 OK
r-release-macos-x86_64 2.3.1 NOTE
r-release-windows-ix86+x86_64 2.3.1 86.00 124.00 210.00 NOTE
r-oldrel-macos-x86_64 2.3.1 NOTE
r-oldrel-windows-ix86+x86_64 2.3.1 66.00 133.00 199.00 NOTE

Check Details

Version: 2.3.1
Check: installed package size
Result: NOTE
     installed size is 25.8Mb
     sub-directories of 1Mb or more:
     libs 13.8Mb
     share 11.9Mb
Flavors: r-devel-windows-ix86+x86_64, r-release-macos-x86_64, r-release-windows-ix86+x86_64, r-oldrel-macos-x86_64, r-oldrel-windows-ix86+x86_64

Version: 2.3.1
Check: package dependencies
Result: NOTE
    Package suggested but not available for checking: ‘tesseract’
Flavor: r-patched-solaris-x86