CRAN Package Check Results for Package pct

Last updated on 2024-02-24 04:58:50 CET.

Flavor Version Tinstall Tcheck Ttotal Status Flags
r-devel-linux-x86_64-debian-clang 0.9.9 3.40 48.69 52.09 OK
r-devel-linux-x86_64-debian-gcc 0.9.9 2.43 38.51 40.94 OK
r-devel-linux-x86_64-fedora-clang 0.9.9 69.72 NOTE
r-devel-linux-x86_64-fedora-gcc 0.9.9 84.84 NOTE
r-devel-windows-x86_64 0.9.9 5.00 69.00 74.00 OK
r-patched-linux-x86_64 0.9.9 3.64 48.64 52.28 OK
r-release-linux-x86_64 0.9.9 2.23 48.44 50.67 OK
r-release-macos-arm64 0.9.9 42.00 OK
r-release-macos-x86_64 0.9.9 65.00 OK
r-release-windows-x86_64 0.9.9 8.00 73.00 81.00 OK
r-oldrel-macos-arm64 0.9.9 36.00 OK
r-oldrel-windows-x86_64 0.9.9 6.00 74.00 80.00 OK

Check Details

Version: 0.9.9
Check: data for non-ASCII characters
Result: NOTE Note: found 11 marked UTF-8 strings Flavors: r-devel-linux-x86_64-fedora-clang, r-devel-linux-x86_64-fedora-gcc