CRAN Package Check Results for Package pcds

Last updated on 2024-02-28 16:50:42 CET.

Flavor Version Tinstall Tcheck Ttotal Status Flags
r-devel-linux-x86_64-debian-clang 0.1.8 56.86 344.15 401.01 OK
r-devel-linux-x86_64-debian-gcc 0.1.8 41.45 248.57 290.02 OK
r-devel-linux-x86_64-fedora-clang 0.1.8 485.90 OK
r-devel-linux-x86_64-fedora-gcc 0.1.8 504.03 OK
r-devel-windows-x86_64 0.1.8 34.00 277.00 311.00 OK
r-patched-linux-x86_64 0.1.8 35.25 296.29 331.54 OK
r-release-linux-x86_64 0.1.8 26.95 299.72 326.67 OK
r-release-macos-arm64 0.1.8 135.00 OK
r-release-macos-x86_64 0.1.8 269.00 NOTE
r-release-windows-x86_64 0.1.8 46.00 342.00 388.00 OK
r-oldrel-macos-arm64 0.1.8 275.00 NOTE
r-oldrel-windows-x86_64 0.1.8 46.00 250.00 296.00 OK

Check Details

Version: 0.1.8
Check: installed package size
Result: NOTE installed size is 6.2Mb sub-directories of 1Mb or more: R 2.0Mb doc 1.7Mb help 2.3Mb Flavors: r-release-macos-x86_64, r-oldrel-macos-arm64