CRAN Package Check Results for Package pbo

Last updated on 2022-08-15 04:50:22 CEST.

Flavor Version Tinstall Tcheck Ttotal Status Flags
r-devel-linux-x86_64-debian-clang 1.3.5 3.13 42.12 45.25 OK
r-devel-linux-x86_64-debian-gcc 1.3.5 2.87 32.83 35.70 OK
r-devel-linux-x86_64-fedora-clang 1.3.5 64.70 OK
r-devel-linux-x86_64-fedora-gcc 1.3.5 63.75 OK
r-devel-windows-x86_64 1.3.5 18.00 69.00 87.00 OK
r-patched-linux-x86_64 1.3.5 3.48 40.55 44.03 OK
r-release-linux-x86_64 1.3.5 3.21 41.03 44.24 OK
r-release-macos-arm64 1.3.5 51.00 OK
r-release-macos-x86_64 1.3.5 29.00 OK
r-release-windows-x86_64 1.3.5 16.00 73.00 89.00 OK
r-oldrel-macos-arm64 1.3.5 9.00 ERROR
r-oldrel-macos-x86_64 1.3.5 27.00 OK
r-oldrel-windows-ix86+x86_64 1.3.5 12.00 61.00 73.00 OK

Check Details

Version: 1.3.5
Check: package dependencies
Result: ERROR
    Package required and available but unsuitable version: ‘utils’
    
    See section ‘The DESCRIPTION file’ in the ‘Writing R Extensions’
    manual.
Flavor: r-oldrel-macos-arm64