CRAN Package Check Results for Package pbo

Last updated on 2021-09-18 03:51:03 CEST.

Flavor Version Tinstall Tcheck Ttotal Status Flags
r-devel-linux-x86_64-debian-clang 1.3.4 2.47 37.09 39.56 NOTE
r-devel-linux-x86_64-debian-gcc 1.3.4 1.97 28.73 30.70 NOTE
r-devel-linux-x86_64-fedora-clang 1.3.4 56.93 NOTE
r-devel-linux-x86_64-fedora-gcc 1.3.4 45.83 NOTE
r-devel-windows-x86_64 1.3.4 4.00 60.00 64.00 NOTE
r-devel-windows-x86_64-gcc10-UCRT 1.3.4 NOTE
r-patched-linux-x86_64 1.3.4 2.03 31.24 33.27 NOTE
r-patched-solaris-x86 1.3.4 85.40 NOTE
r-release-linux-x86_64 1.3.4 2.33 31.08 33.41 NOTE
r-release-macos-arm64 1.3.4 NOTE
r-release-macos-x86_64 1.3.4 NOTE
r-release-windows-ix86+x86_64 1.3.4 7.00 40.00 47.00 NOTE
r-oldrel-macos-x86_64 1.3.4 NOTE
r-oldrel-windows-ix86+x86_64 1.3.4 7.00 36.00 43.00 NOTE

Check Details

Version: 1.3.4
Check: dependencies in R code
Result: NOTE
    'library' or 'require' call to 'foreach' in package code.
     Please use :: or requireNamespace() instead.
     See section 'Suggested packages' in the 'Writing R Extensions' manual.
Flavors: r-devel-linux-x86_64-debian-clang, r-devel-linux-x86_64-debian-gcc, r-devel-linux-x86_64-fedora-clang, r-devel-linux-x86_64-fedora-gcc, r-devel-windows-x86_64, r-devel-windows-x86_64-gcc10-UCRT, r-patched-linux-x86_64, r-patched-solaris-x86, r-release-linux-x86_64, r-release-macos-arm64, r-release-macos-x86_64, r-release-windows-ix86+x86_64, r-oldrel-macos-x86_64, r-oldrel-windows-ix86+x86_64

Version: 1.3.4
Check: R code for possible problems
Result: NOTE
    dotplot.pbo: no visible global function definition for 'reorder'
    pbo: no visible global function definition for '%dopar%'
    pbo: no visible global function definition for 'foreach'
    pbo: no visible global function definition for 'lm'
    xyplot.pbo: no visible global function definition for 'ecdf'
    xyplot.pbo: no visible global function definition for 'doubleYScale'
    xyplot.pbo: no visible global function definition for 'reorder'
    Undefined global functions or variables:
     %dopar% doubleYScale ecdf foreach lm reorder
    Consider adding
     importFrom("stats", "ecdf", "lm", "reorder")
    to your NAMESPACE file.
Flavors: r-devel-linux-x86_64-debian-clang, r-devel-linux-x86_64-debian-gcc, r-devel-linux-x86_64-fedora-clang, r-devel-linux-x86_64-fedora-gcc, r-devel-windows-x86_64, r-devel-windows-x86_64-gcc10-UCRT, r-patched-linux-x86_64, r-patched-solaris-x86, r-release-linux-x86_64, r-release-macos-arm64, r-release-macos-x86_64, r-release-windows-ix86+x86_64, r-oldrel-macos-x86_64, r-oldrel-windows-ix86+x86_64