CRAN Package Check Results for Package pathfindR

Last updated on 2020-08-14 03:47:53 CEST.

Flavor Version Tinstall Tcheck Ttotal Status Flags
r-devel-linux-x86_64-debian-clang 1.5.0 1.13 2.59 3.72 ERROR
r-devel-linux-x86_64-debian-gcc 1.5.0 9.34 299.66 309.00 OK
r-devel-linux-x86_64-fedora-clang 1.5.0 484.26 OK
r-devel-linux-x86_64-fedora-gcc 1.5.0 468.47 OK
r-devel-windows-ix86+x86_64 1.5.0 42.00 531.00 573.00 OK
r-patched-linux-x86_64 1.5.0 9.36 389.26 398.62 OK
r-release-linux-x86_64 1.5.0 10.08 387.84 397.92 OK
r-release-macos-x86_64 1.5.0 ERROR
r-release-windows-ix86+x86_64 1.5.0 44.00 500.00 544.00 OK
r-oldrel-macos-x86_64 1.5.0 ERROR
r-oldrel-windows-ix86+x86_64 1.4.2 68.00 487.00 555.00 NOTE

Check Details

Version: 1.5.0
Check: package dependencies
Result: ERROR
    Package required but not available: 'ggraph'
    
    See section 'The DESCRIPTION file' in the 'Writing R Extensions'
    manual.
Flavor: r-devel-linux-x86_64-debian-clang

Version: 1.5.0
Check: package dependencies
Result: ERROR
    Packages required but not available: 'KEGGREST', 'KEGGgraph'
    
    See section ‘The DESCRIPTION file’ in the ‘Writing R Extensions’
    manual.
Flavor: r-release-macos-x86_64

Version: 1.5.0
Check: package dependencies
Result: ERROR
    Packages required but not available: 'pathfindR.data', 'org.Hs.eg.db'
    
    See section ‘The DESCRIPTION file’ in the ‘Writing R Extensions’
    manual.
Flavor: r-oldrel-macos-x86_64

Version: 1.4.2
Check: installed package size
Result: NOTE
     installed size is 6.3Mb
     sub-directories of 1Mb or more:
     R 2.6Mb
     data 1.2Mb
     doc 2.1Mb
Flavor: r-oldrel-windows-ix86+x86_64