CRAN Package Check Results for Package pathfindR.data

Last updated on 2020-09-20 16:14:24 CEST.

Flavor Version Tinstall Tcheck Ttotal Status Flags
r-devel-linux-x86_64-debian-clang 1.0.0 19.21 25.00 44.21 OK
r-devel-linux-x86_64-debian-gcc 1.0.0 17.84 20.40 38.24 OK
r-devel-linux-x86_64-fedora-clang 1.0.0 69.94 NOTE
r-devel-linux-x86_64-fedora-gcc 1.0.0 62.82 OK
r-devel-windows-ix86+x86_64 1.0.0 33.00 35.00 68.00 OK
r-patched-linux-x86_64 1.0.0 20.49 25.26 45.75 OK
r-patched-solaris-x86 1.0.0 110.10 OK
r-release-linux-x86_64 1.0.0 20.00 25.53 45.53 OK
r-release-macos-x86_64 1.0.0 NOTE
r-release-windows-ix86+x86_64 1.0.0 37.00 46.00 83.00 OK
r-oldrel-macos-x86_64 1.0.0 ERROR

Check Details

Version: 1.0.0
Check: Rd cross-references
Result: NOTE
    Undeclared package ‘pathfindR’ in Rd xrefs
Flavor: r-devel-linux-x86_64-fedora-clang

Version: 1.0.0
Check: Rd cross-references
Result: NOTE
    Package unavailable to check Rd xrefs: ‘pathfindR’
Flavor: r-release-macos-x86_64

Version: 1.0.0
Check: whether package can be installed
Result: ERROR
    Installation failed.
Flavor: r-oldrel-macos-x86_64