CRAN Package Check Results for Package partools

Last updated on 2020-08-09 15:47:52 CEST.

Flavor Version Tinstall Tcheck Ttotal Status Flags
r-devel-linux-x86_64-debian-clang 1.1.6 5.17 43.12 48.29 NOTE
r-devel-linux-x86_64-debian-gcc 1.1.6 3.79 33.08 36.87 NOTE
r-devel-linux-x86_64-fedora-clang 1.1.6 66.39 NOTE
r-devel-linux-x86_64-fedora-gcc 1.1.6 55.03 NOTE
r-devel-windows-ix86+x86_64 1.1.6 12.00 85.00 97.00 OK
r-patched-linux-x86_64 1.1.6 5.00 42.08 47.08 NOTE
r-patched-solaris-x86 1.1.6 100.90 NOTE
r-release-linux-x86_64 1.1.6 5.34 41.73 47.07 NOTE
r-release-macos-x86_64 1.1.6 OK
r-release-windows-ix86+x86_64 1.1.6 12.00 65.00 77.00 OK
r-oldrel-macos-x86_64 1.1.6 OK
r-oldrel-windows-ix86+x86_64 1.1.6 7.00 63.00 70.00 OK

Check Details

Version: 1.1.6
Check: for non-standard things in the check directory
Result: NOTE
    Found the following files/directories:
     'co2' 'co2.1' 'co2.2' 'co2s.1' 'co2s.2' 'ctm.1' 'ctm.2' 'm' 'm.1'
     'm.2' 'test' 'test.1' 'test.2' 'testa.1' 'testa.2' 'xfile.1'
     'xfile.2'
Flavors: r-devel-linux-x86_64-debian-clang, r-devel-linux-x86_64-debian-gcc, r-devel-linux-x86_64-fedora-clang, r-devel-linux-x86_64-fedora-gcc, r-patched-linux-x86_64, r-patched-solaris-x86, r-release-linux-x86_64