CRAN Package Check Results for Package particles

Last updated on 2020-08-03 05:48:55 CEST.

Flavor Version Tinstall Tcheck Ttotal Status Flags
r-devel-linux-x86_64-debian-clang 0.2.2 55.68 102.27 157.95 OK
r-devel-linux-x86_64-debian-gcc 0.2.2 38.71 77.30 116.01 OK
r-devel-linux-x86_64-fedora-clang 0.2.2 204.06 NOTE
r-devel-linux-x86_64-fedora-gcc 0.2.2 185.71 NOTE
r-devel-windows-ix86+x86_64 0.2.2 138.00 141.00 279.00 OK
r-patched-linux-x86_64 0.2.2 40.84 98.22 139.06 OK
r-patched-solaris-x86 0.2.2 230.40 NOTE
r-release-linux-x86_64 0.2.2 40.28 98.62 138.90 OK
r-release-macos-x86_64 0.2.2 NOTE
r-release-windows-ix86+x86_64 0.2.2 146.00 162.00 308.00 OK
r-oldrel-macos-x86_64 0.2.2 NOTE
r-oldrel-windows-ix86+x86_64 0.2.2 100.00 124.00 224.00 OK

Check Details

Version: 0.2.2
Check: dependencies in R code
Result: NOTE
    Namespace in Imports field not imported from: ‘dplyr’
     All declared Imports should be used.
Flavors: r-devel-linux-x86_64-fedora-clang, r-devel-linux-x86_64-fedora-gcc, r-patched-solaris-x86, r-release-macos-x86_64, r-oldrel-macos-x86_64