Last updated on 2023-12-04 16:53:35 CET.
Flavor | Version | Tinstall | Tcheck | Ttotal | Status | Flags |
---|---|---|---|---|---|---|
r-devel-linux-x86_64-debian-clang | 0.9.1 | 4.06 | 198.80 | 202.86 | NOTE | |
r-devel-linux-x86_64-debian-gcc | 0.9.1 | 4.25 | 148.91 | 153.16 | NOTE | |
r-devel-linux-x86_64-fedora-clang | 0.9.1 | 245.31 | NOTE | |||
r-devel-linux-x86_64-fedora-gcc | 0.9.1 | 254.08 | NOTE | |||
r-devel-windows-x86_64 | 0.9.1 | 6.00 | 171.00 | 177.00 | NOTE | |
r-patched-linux-x86_64 | 0.9.1 | 3.96 | 192.32 | 196.28 | OK | |
r-release-linux-x86_64 | 0.9.1 | 3.83 | 193.21 | 197.04 | OK | |
r-release-macos-arm64 | 0.9.1 | 78.00 | OK | |||
r-release-macos-x86_64 | 0.9.1 | 133.00 | OK | |||
r-release-windows-x86_64 | 0.9.1 | 7.00 | 206.00 | 213.00 | OK | |
r-oldrel-macos-arm64 | 0.9.1 | 60.00 | NOTE | |||
r-oldrel-macos-x86_64 | 0.9.1 | 108.00 | NOTE | |||
r-oldrel-windows-x86_64 | 0.9.1 | 8.00 | 207.00 | 215.00 | OK |
Version: 0.9.1
Check: Rd \usage sections
Result: NOTE
Documented arguments not in \usage in Rd file 'fixvar_of_red_mod.Rd':
‘data’
Documented arguments not in \usage in Rd file 'get_ndf.Rd':
‘data’
Functions with \usage entries need to have the appropriate \alias
entries, and all their arguments documented.
The \usage entries must correspond to syntactically valid R code.
See chapter ‘Writing R documentation files’ in the ‘Writing R
Extensions’ manual.
Flavors: r-devel-linux-x86_64-debian-clang, r-devel-linux-x86_64-debian-gcc, r-devel-linux-x86_64-fedora-clang, r-devel-linux-x86_64-fedora-gcc, r-devel-windows-x86_64
Version: 0.9.1
Check: dependencies in R code
Result: NOTE
Namespace in Imports field not imported from: ‘methods’
All declared Imports should be used.
Flavors: r-devel-linux-x86_64-fedora-clang, r-devel-linux-x86_64-fedora-gcc, r-oldrel-macos-arm64, r-oldrel-macos-x86_64