CRAN Package Check Results for Package parseRPDR

Last updated on 2024-02-26 04:49:34 CET.

Flavor Version Tinstall Tcheck Ttotal Status Flags
r-devel-linux-x86_64-debian-clang 1.1.0 7.38 57.97 65.35 OK
r-devel-linux-x86_64-debian-gcc 1.1.0 5.13 43.23 48.36 OK
r-devel-linux-x86_64-fedora-clang 1.1.0 85.72 NOTE
r-devel-linux-x86_64-fedora-gcc 1.1.0 80.50 NOTE
r-devel-windows-x86_64 1.1.0 7.00 69.00 76.00 OK
r-patched-linux-x86_64 1.1.0 6.74 56.84 63.58 OK
r-release-linux-x86_64 1.1.0 4.31 56.93 61.24 OK
r-release-macos-arm64 1.1.0 31.00 OK
r-release-macos-x86_64 1.1.0 57.00 OK
r-release-windows-x86_64 1.1.0 9.00 79.00 88.00 OK
r-oldrel-macos-arm64 1.1.0 32.00 OK
r-oldrel-windows-x86_64 1.1.0 9.00 75.00 84.00 OK

Check Details

Version: 1.1.0
Check: dependencies in R code
Result: NOTE Namespace in Imports field not imported from: ‘doParallel’ All declared Imports should be used. Flavors: r-devel-linux-x86_64-fedora-clang, r-devel-linux-x86_64-fedora-gcc