CRAN Package Check Results for Package parqr

Last updated on 2024-02-23 16:53:25 CET.

Flavor Version Tinstall Tcheck Ttotal Status Flags
r-devel-linux-x86_64-debian-clang 0.1.0 ERROR
r-devel-linux-x86_64-debian-gcc 0.1.0 1.36 20.14 21.50 OK
r-devel-linux-x86_64-fedora-clang 0.1.0 2.04 ERROR
r-devel-linux-x86_64-fedora-gcc 0.1.0 45.28 OK
r-devel-windows-x86_64 0.1.0 3.00 43.00 46.00 OK
r-patched-linux-x86_64 0.1.0 2.10 25.35 27.45 OK
r-release-linux-x86_64 0.1.0 2.04 25.58 27.62 OK
r-release-macos-arm64 0.1.0 25.00 OK
r-release-macos-x86_64 0.1.0 29.00 OK
r-release-windows-x86_64 0.1.0 3.00 44.00 47.00 OK
r-oldrel-macos-arm64 0.1.0 19.00 OK
r-oldrel-windows-x86_64 0.1.0 3.00 47.00 50.00 OK

Check Details

Version: 0.1.0
Check: package dependencies
Result: ERROR Package required but not available: ‘arrow’ See section ‘The DESCRIPTION file’ in the ‘Writing R Extensions’ manual. Flavors: r-devel-linux-x86_64-debian-clang, r-devel-linux-x86_64-fedora-clang