CRAN Package Check Results for Package parma

Last updated on 2020-08-09 15:47:52 CEST.

Flavor Version Tinstall Tcheck Ttotal Status Flags
r-devel-linux-x86_64-debian-clang 1.5-3 16.86 77.96 94.82 OK
r-devel-linux-x86_64-debian-gcc 1.5-3 14.94 58.19 73.13 OK
r-devel-linux-x86_64-fedora-clang 1.5-3 123.61 NOTE
r-devel-linux-x86_64-fedora-gcc 1.5-3 111.96 NOTE
r-devel-windows-ix86+x86_64 1.5-3 40.00 122.00 162.00 OK
r-patched-linux-x86_64 1.5-3 15.77 77.42 93.19 OK
r-patched-solaris-x86 1.5-3 147.80 NOTE
r-release-linux-x86_64 1.5-3 16.98 77.12 94.10 OK
r-release-macos-x86_64 1.5-3 NOTE
r-release-windows-ix86+x86_64 1.5-3 39.00 90.00 129.00 OK
r-oldrel-macos-x86_64 1.5-3 NOTE
r-oldrel-windows-ix86+x86_64 1.5-3 24.00 114.00 138.00 OK

Check Details

Version: 1.5-3
Check: compiled code
Result: NOTE
    File ‘parma/libs/parma.so’:
     Found no calls to: ‘R_registerRoutines’, ‘R_useDynamicSymbols’
    
    It is good practice to register native routines and to disable symbol
    search.
    
    See ‘Writing portable packages’ in the ‘Writing R Extensions’ manual.
Flavors: r-devel-linux-x86_64-fedora-clang, r-devel-linux-x86_64-fedora-gcc

Version: 1.5-3
Check: package dependencies
Result: NOTE
    Package suggested but not available for checking: ‘Rsymphony’
Flavors: r-patched-solaris-x86, r-release-macos-x86_64, r-oldrel-macos-x86_64