CRAN Package Check Results for Package parameters

Last updated on 2020-07-13 15:48:38 CEST.

Flavor Version Tinstall Tcheck Ttotal Status Flags
r-devel-linux-x86_64-debian-clang 0.8.0 16.12 313.52 329.64 OK
r-devel-linux-x86_64-debian-gcc 0.8.0 14.78 230.59 245.37 OK
r-devel-linux-x86_64-fedora-clang 0.8.0 201.31 NOTE
r-devel-linux-x86_64-fedora-gcc 0.8.0 220.53 OK
r-devel-windows-ix86+x86_64 0.8.0 31.00 341.00 372.00 OK
r-patched-linux-x86_64 0.8.0 16.35 304.94 321.29 OK
r-patched-solaris-x86 0.8.0 434.90 NOTE
r-release-linux-x86_64 0.8.0 18.24 295.22 313.46 NOTE
r-release-macos-x86_64 0.8.0 ERROR
r-release-windows-ix86+x86_64 0.8.0 34.00 432.00 466.00 OK
r-oldrel-macos-x86_64 0.8.0 NOTE
r-oldrel-windows-ix86+x86_64 0.8.0 27.00 324.00 351.00 OK

Check Details

Version: 0.8.0
Check: Rd cross-references
Result: NOTE
    Undeclared package ‘emmeans’ in Rd xrefs
Flavor: r-devel-linux-x86_64-fedora-clang

Version: 0.8.0
Check: package dependencies
Result: NOTE
    Package suggested but not available for checking: ‘M3C’
Flavors: r-patched-solaris-x86, r-release-macos-x86_64, r-oldrel-macos-x86_64

Version: 0.8.0
Check: package dependencies
Result: NOTE
    Package suggested but not available for checking: ‘rstanarm’
Flavor: r-release-linux-x86_64

Version: 0.8.0
Check: whether package can be installed
Result: ERROR
    Installation failed.
Flavor: r-release-macos-x86_64