CRAN Package Check Results for Package papci

Last updated on 2023-12-10 16:51:21 CET.

Flavor Version Tinstall Tcheck Ttotal Status Flags
r-devel-linux-x86_64-debian-clang 0.1.0 7.69 72.48 80.17 NOTE
r-devel-linux-x86_64-debian-gcc 0.1.0 7.51 52.55 60.06 NOTE
r-devel-linux-x86_64-fedora-clang 0.1.0 96.50 NOTE
r-devel-linux-x86_64-fedora-gcc 0.1.0 91.17 NOTE
r-devel-windows-x86_64 0.1.0 9.00 70.00 79.00 OK
r-patched-linux-x86_64 0.1.0 18.11 66.39 84.50 OK
r-release-linux-x86_64 0.1.0 6.10 66.29 72.39 OK
r-release-macos-arm64 0.1.0 31.00 OK
r-release-macos-x86_64 0.1.0 45.00 OK
r-release-windows-x86_64 0.1.0 12.00 81.00 93.00 OK
r-oldrel-macos-arm64 0.1.0 45.00 NOTE
r-oldrel-macos-x86_64 0.1.0 86.00 NOTE
r-oldrel-windows-x86_64 0.1.0 13.00 86.00 99.00 OK

Check Details

Version: 0.1.0
Check: Rd files
Result: NOTE checkRd: (-1) agreement.Rd:52: Lost braces in \itemize; meant \describe ? checkRd: (-1) agreement.Rd:53-54: Lost braces in \itemize; meant \describe ? checkRd: (-1) agreement.Rd:55: Lost braces in \itemize; meant \describe ? checkRd: (-1) agreement.Rd:56: Lost braces in \itemize; meant \describe ? checkRd: (-1) agreement.Rd:57: Lost braces in \itemize; meant \describe ? checkRd: (-1) agreement.Rd:58: Lost braces in \itemize; meant \describe ? checkRd: (-1) papciUI.Rd:33: Lost braces in \itemize; meant \describe ? checkRd: (-1) papciUI.Rd:34-35: Lost braces in \itemize; meant \describe ? checkRd: (-1) papciUI.Rd:36: Lost braces in \itemize; meant \describe ? checkRd: (-1) papciUI.Rd:37: Lost braces in \itemize; meant \describe ? checkRd: (-1) papciUI.Rd:38: Lost braces in \itemize; meant \describe ? checkRd: (-1) papciUI.Rd:39: Lost braces in \itemize; meant \describe ? Flavors: r-devel-linux-x86_64-debian-clang, r-devel-linux-x86_64-debian-gcc

Version: 0.1.0
Check: dependencies in R code
Result: NOTE Namespace in Imports field not imported from: ‘DT’ All declared Imports should be used. Flavors: r-devel-linux-x86_64-fedora-clang, r-devel-linux-x86_64-fedora-gcc, r-oldrel-macos-arm64, r-oldrel-macos-x86_64