CRAN Package Check Results for Package pander

Last updated on 2020-07-14 03:47:58 CEST.

Flavor Version Tinstall Tcheck Ttotal Status Flags
r-devel-linux-x86_64-debian-clang 0.6.3 35.97 77.18 113.15 OK
r-devel-linux-x86_64-debian-gcc 0.6.3 26.88 59.05 85.93 OK
r-devel-linux-x86_64-fedora-clang 0.6.3 147.84 OK
r-devel-linux-x86_64-fedora-gcc 0.6.3 141.38 OK
r-devel-windows-ix86+x86_64 0.6.3 89.00 127.00 216.00 OK
r-patched-linux-x86_64 0.6.3 30.02 75.12 105.14 OK
r-patched-solaris-x86 0.6.3 158.20 OK
r-release-linux-x86_64 0.6.3 27.46 76.24 103.70 OK
r-release-macos-x86_64 0.6.3 ERROR
r-release-windows-ix86+x86_64 0.6.3 90.00 161.00 251.00 OK
r-oldrel-macos-x86_64 0.6.3 WARN
r-oldrel-windows-ix86+x86_64 0.6.3 89.00 144.00 233.00 OK

Check Details

Version: 0.6.3
Check: whether package can be installed
Result: ERROR
    Installation failed.
Flavor: r-release-macos-x86_64

Version: 0.6.3
Check: re-building of vignette outputs
Result: WARN
    Error(s) in re-building vignettes:
    --- re-building ‘evals.Rmd’ using rmarkdown
    Warning in engine$weave(file, quiet = quiet, encoding = enc) :
     Pandoc (>= 1.12.3) and/or pandoc-citeproc not available. Falling back to R Markdown v1.
    Quitting from lines 13-19 (evals.Rmd)
    Error: processing vignette 'evals.Rmd' failed with diagnostics:
    package or namespace load failed for 'futile.logger' in loadNamespace(j <- i[[1L]], c(lib.loc, .libPaths()), versionCheck = vI[[j]]):
     there is no package called 'formatR'
    --- failed re-building ‘evals.Rmd’
    
    --- re-building ‘knitr.Rmd’ using rmarkdown
    Warning in engine$weave(file, quiet = quiet, encoding = enc) :
     Pandoc (>= 1.12.3) and/or pandoc-citeproc not available. Falling back to R Markdown v1.
    --- finished re-building ‘knitr.Rmd’
    
    --- re-building ‘pander.Rmd’ using rmarkdown
    Warning in engine$weave(file, quiet = quiet, encoding = enc) :
     Pandoc (>= 1.12.3) and/or pandoc-citeproc not available. Falling back to R Markdown v1.
    Loading required package: Hmisc
    Loading required package: lattice
    Loading required package: survival
    Loading required package: Formula
    Loading required package: ggplot2
    
    Attaching package: 'Hmisc'
    
    The following objects are masked from 'package:base':
    
     format.pval, units
    
    --- finished re-building ‘pander.Rmd’
    
    --- re-building ‘pandoc_table.Rmd’ using rmarkdown
    Warning in engine$weave(file, quiet = quiet, encoding = enc) :
     Pandoc (>= 1.12.3) and/or pandoc-citeproc not available. Falling back to R Markdown v1.
    --- finished re-building ‘pandoc_table.Rmd’
    
    SUMMARY: processing the following file failed:
     ‘evals.Rmd’
    
    Error: Vignette re-building failed.
    Execution halted
Flavor: r-oldrel-macos-x86_64