Last updated on 2023-12-04 16:53:35 CET.
Flavor | Version | Tinstall | Tcheck | Ttotal | Status | Flags |
---|---|---|---|---|---|---|
r-devel-linux-x86_64-debian-clang | 0.5.92 | 16.75 | 199.00 | 215.75 | NOTE | |
r-devel-linux-x86_64-debian-gcc | 0.5.92 | 14.53 | 146.00 | 160.53 | NOTE | |
r-devel-linux-x86_64-fedora-clang | 0.5.92 | 269.82 | NOTE | |||
r-devel-linux-x86_64-fedora-gcc | 0.5.92 | 253.61 | NOTE | |||
r-devel-windows-x86_64 | 0.5.92 | 16.00 | 171.00 | 187.00 | NOTE | |
r-patched-linux-x86_64 | 0.5.92 | 21.73 | 189.87 | 211.60 | OK | |
r-release-linux-x86_64 | 0.5.92 | 13.42 | 189.72 | 203.14 | OK | |
r-release-macos-arm64 | 0.5.92 | 72.00 | OK | |||
r-release-macos-x86_64 | 0.5.92 | 165.00 | OK | |||
r-release-windows-x86_64 | 0.5.92 | 22.00 | 204.00 | 226.00 | OK | |
r-oldrel-macos-arm64 | 0.5.92 | 70.00 | OK | |||
r-oldrel-macos-x86_64 | 0.5.92 | 103.00 | OK | |||
r-oldrel-windows-x86_64 | 0.5.92 | 22.00 | 194.00 | 216.00 | OK |
Version: 0.5.92
Check: Rd files
Result: NOTE
checkRd: (-1) as_ped.Rd:91: Lost braces
91 | variables that were used to create the PED object (code{data}).}
| ^
Flavors: r-devel-linux-x86_64-debian-clang, r-devel-linux-x86_64-debian-gcc
Version: 0.5.92
Check: Rd \usage sections
Result: NOTE
Documented arguments not in \usage in Rd file 'dplyr_verbs.Rd':
‘funs’ ‘.dots’ ‘keep_attributes’
Documented arguments not in \usage in Rd file 'nest_tdc.Rd':
‘vars’ ‘id’
Functions with \usage entries need to have the appropriate \alias
entries, and all their arguments documented.
The \usage entries must correspond to syntactically valid R code.
See chapter ‘Writing R documentation files’ in the ‘Writing R
Extensions’ manual.
Flavors: r-devel-linux-x86_64-debian-clang, r-devel-linux-x86_64-debian-gcc, r-devel-linux-x86_64-fedora-clang, r-devel-linux-x86_64-fedora-gcc, r-devel-windows-x86_64