CRAN Package Check Results for Package palette

Last updated on 2024-06-13 16:49:18 CEST.

Flavor Version Tinstall Tcheck Ttotal Status Flags
r-devel-linux-x86_64-debian-clang 0.0.2 4.58 42.26 46.84 OK
r-devel-linux-x86_64-debian-gcc 0.0.2 0.39 1.60 1.99 ERROR
r-devel-linux-x86_64-fedora-clang 0.0.2 59.31 OK
r-devel-linux-x86_64-fedora-gcc 0.0.2 55.19 OK
r-devel-windows-x86_64 0.0.2 4.00 53.00 57.00 OK
r-patched-linux-x86_64 0.0.2 4.30 40.14 44.44 OK
r-release-linux-x86_64 0.0.2 4.31 41.26 45.57 OK
r-release-macos-arm64 0.0.2 26.00 OK
r-release-macos-x86_64 0.0.2 31.00 OK
r-release-windows-x86_64 0.0.2 4.00 54.00 58.00 OK
r-oldrel-macos-arm64 0.0.2 28.00 OK
r-oldrel-macos-x86_64 0.0.2 45.00 OK
r-oldrel-windows-x86_64 0.0.2 5.00 60.00 65.00 OK

Check Details

Version: 0.0.2
Check: package dependencies
Result: ERROR Packages required but not available: 'pillar', 'vctrs' Packages suggested but not available for checking: 'ggplot2', 'testthat', 'vdiffr' See section ‘The DESCRIPTION file’ in the ‘Writing R Extensions’ manual. Flavor: r-devel-linux-x86_64-debian-gcc