CRAN Package Check Results for Package pacman

Last updated on 2024-02-24 04:58:50 CET.

Flavor Version Tinstall Tcheck Ttotal Status Flags
r-devel-linux-x86_64-debian-clang 0.5.1 3.48 35.89 39.37 OK
r-devel-linux-x86_64-debian-gcc 0.5.1 3.18 27.58 30.76 OK
r-devel-linux-x86_64-fedora-clang 0.5.1 49.50 NOTE
r-devel-linux-x86_64-fedora-gcc 0.5.1 49.28 OK
r-devel-windows-x86_64 0.5.1 5.00 55.00 60.00 OK
r-patched-linux-x86_64 0.5.1 5.18 34.32 39.50 OK
r-release-linux-x86_64 0.5.1 4.49 34.61 39.10 OK
r-release-macos-arm64 0.5.1 20.00 OK
r-release-macos-x86_64 0.5.1 30.00 OK
r-release-windows-x86_64 0.5.1 5.00 58.00 63.00 OK
r-oldrel-macos-arm64 0.5.1 31.00 OK
r-oldrel-windows-x86_64 0.5.1 7.00 58.00 65.00 OK

Check Details

Version: 0.5.1
Check: Rd cross-references
Result: NOTE Undeclared package ‘devtools’ in Rd xrefs Flavor: r-devel-linux-x86_64-fedora-clang