CRAN Package Check Results for Package pCODE

Last updated on 2020-08-09 15:47:52 CEST.

Flavor Version Tinstall Tcheck Ttotal Status Flags
r-devel-linux-x86_64-debian-clang 0.9.3 9.60 170.43 180.03 OK
r-devel-linux-x86_64-debian-gcc 0.9.3 5.60 112.79 118.39 OK
r-devel-linux-x86_64-fedora-clang 0.9.3 201.54 NOTE
r-devel-linux-x86_64-fedora-gcc 0.9.3 191.77 NOTE
r-devel-windows-ix86+x86_64 0.9.3 26.00 238.00 264.00 OK
r-patched-linux-x86_64 0.9.3 8.40 155.79 164.19 OK
r-patched-solaris-x86 0.9.3 267.90 NOTE
r-release-linux-x86_64 0.9.3 8.67 158.89 167.56 OK
r-release-macos-x86_64 0.9.3 NOTE
r-release-windows-ix86+x86_64 0.9.3 17.00 225.00 242.00 OK
r-oldrel-macos-x86_64 0.9.3 NOTE
r-oldrel-windows-ix86+x86_64 0.9.3 14.00 149.00 163.00 OK

Check Details

Version: 0.9.3
Check: dependencies in R code
Result: NOTE
    Namespace in Imports field not imported from: ‘base’
     All declared Imports should be used.
Flavors: r-devel-linux-x86_64-fedora-clang, r-devel-linux-x86_64-fedora-gcc, r-patched-solaris-x86, r-release-macos-x86_64, r-oldrel-macos-x86_64