CRAN Package Check Results for Package pARI

Last updated on 2024-02-28 05:12:59 CET.

Flavor Version Tinstall Tcheck Ttotal Status Flags
r-devel-linux-x86_64-debian-clang 1.1.1 117.18 47.88 165.06 OK
r-devel-linux-x86_64-debian-gcc 1.1.1 78.02 35.63 113.65 OK
r-devel-linux-x86_64-fedora-clang 1.1.1 233.11 OK
r-devel-linux-x86_64-fedora-gcc 1.1.1 249.49 OK
r-devel-windows-x86_64 1.1.1 76.00 79.00 155.00 NOTE
r-patched-linux-x86_64 1.1.1 104.17 46.53 150.70 OK
r-release-linux-x86_64 1.1.1 100.79 47.34 148.13 OK
r-release-macos-arm64 1.1.1 57.00 OK
r-release-macos-x86_64 1.1.1 98.00 OK
r-release-windows-x86_64 1.1.1 98.00 89.00 187.00 NOTE
r-oldrel-macos-arm64 1.1.1 51.00 OK
r-oldrel-windows-x86_64 1.1.1 98.00 87.00 185.00 OK

Check Details

Version: 1.1.1
Check: C++ specification
Result: NOTE Specified C++11: please drop specification unless essential Flavors: r-devel-windows-x86_64, r-release-windows-x86_64