CRAN Package Check Results for Package otvPlots

Last updated on 2020-08-03 05:48:55 CEST.

Flavor Version Tinstall Tcheck Ttotal Status Flags
r-devel-linux-x86_64-debian-clang 0.2.1 13.74 130.74 144.48 OK
r-devel-linux-x86_64-debian-gcc 0.2.1 10.58 95.75 106.33 OK
r-devel-linux-x86_64-fedora-clang 0.2.1 169.28 NOTE
r-devel-linux-x86_64-fedora-gcc 0.2.1 152.94 NOTE
r-devel-windows-ix86+x86_64 0.2.1 38.00 134.00 172.00 OK
r-patched-linux-x86_64 0.2.1 8.77 118.94 127.71 OK
r-patched-solaris-x86 0.2.1 238.80 NOTE
r-release-linux-x86_64 0.2.1 8.26 120.18 128.44 OK
r-release-macos-x86_64 0.2.1 NOTE
r-release-windows-ix86+x86_64 0.2.1 40.00 182.00 222.00 OK
r-oldrel-macos-x86_64 0.2.1 NOTE
r-oldrel-windows-ix86+x86_64 0.2.1 21.00 115.00 136.00 OK

Check Details

Version: 0.2.1
Check: dependencies in R code
Result: NOTE
    Namespace in Imports field not imported from: ‘quantreg’
     All declared Imports should be used.
Flavors: r-devel-linux-x86_64-fedora-clang, r-devel-linux-x86_64-fedora-gcc, r-patched-solaris-x86, r-release-macos-x86_64, r-oldrel-macos-x86_64