CRAN Package Check Results for Package osmdata

Last updated on 2020-08-14 03:47:52 CEST.

Flavor Version Tinstall Tcheck Ttotal Status Flags
r-devel-linux-x86_64-debian-clang 0.1.3 89.31 75.48 164.79 OK
r-devel-linux-x86_64-debian-gcc 0.1.3 70.45 57.26 127.71 OK
r-devel-linux-x86_64-fedora-clang 0.1.3 223.52 NOTE
r-devel-linux-x86_64-fedora-gcc 0.1.3 211.02 OK
r-devel-windows-ix86+x86_64 0.1.3 209.00 184.00 393.00 NOTE
r-patched-linux-x86_64 0.1.3 73.55 73.75 147.30 OK
r-patched-solaris-x86 0.1.3 205.80 NOTE
r-release-linux-x86_64 0.1.3 75.87 74.07 149.94 OK
r-release-macos-x86_64 0.1.3 NOTE
r-release-windows-ix86+x86_64 0.1.3 208.00 189.00 397.00 NOTE
r-oldrel-macos-x86_64 0.1.3 NOTE
r-oldrel-windows-ix86+x86_64 0.1.3 138.00 138.00 276.00 NOTE

Check Details

Version: 0.1.3
Check: installed package size
Result: NOTE
     installed size is 12.6Mb
     sub-directories of 1Mb or more:
     doc 3.6Mb
     libs 8.0Mb
Flavors: r-devel-linux-x86_64-fedora-clang, r-devel-windows-ix86+x86_64, r-patched-solaris-x86, r-release-macos-x86_64, r-release-windows-ix86+x86_64, r-oldrel-macos-x86_64, r-oldrel-windows-ix86+x86_64